CRAN Package Check Results for Package metaRNASeq

Last updated on 2024-06-13 06:58:08 CEST.

Flavor Version Tinstall Tcheck Ttotal Status Flags
r-devel-linux-x86_64-debian-clang 1.0.7 2.16 103.80 105.96 NOTE
r-devel-linux-x86_64-debian-gcc 1.0.7 1.93 31.56 33.49 NOTE
r-devel-linux-x86_64-fedora-clang 1.0.7 133.32 NOTE
r-devel-linux-x86_64-fedora-gcc 1.0.7 134.42 NOTE
r-devel-windows-x86_64 1.0.7 3.00 46.00 49.00 NOTE --no-vignettes
r-patched-linux-x86_64 1.0.7 2.37 98.83 101.20 NOTE
r-release-linux-x86_64 1.0.7 2.26 98.09 100.35 NOTE
r-release-macos-arm64 1.0.7 43.00 NOTE
r-release-macos-x86_64 1.0.7 76.00 NOTE
r-release-windows-x86_64 1.0.7 3.00 53.00 56.00 NOTE --no-vignettes
r-oldrel-macos-arm64 1.0.7 65.00 OK
r-oldrel-macos-x86_64 1.0.7 123.00 OK
r-oldrel-windows-x86_64 1.0.7 3.00 46.00 49.00 OK --no-vignettes

Check Details

Version: 1.0.7
Check: Rd files
Result: NOTE checkRd: (-1) param.Rd:29: Lost braces 29 | T. Strub, S. Giuliano, T. Ye, et al. (2011) Essential role of microphthalmia transcription factor for DNA replication, mitosis and genomic stability in melanoma. emph{Oncogene} \bold{30}:2319-32. | ^ Flavors: r-devel-linux-x86_64-debian-clang, r-devel-linux-x86_64-debian-gcc, r-devel-linux-x86_64-fedora-clang, r-devel-linux-x86_64-fedora-gcc, r-patched-linux-x86_64, r-release-linux-x86_64, r-release-macos-arm64, r-release-macos-x86_64

Version: 1.0.7
Check: package dependencies
Result: NOTE Package suggested but not available for checking: ‘DESeq2’ Flavor: r-devel-linux-x86_64-debian-gcc

Version: 1.0.7
Flags: --no-vignettes
Check: Rd files
Result: NOTE checkRd: (-1) param.Rd:29: Lost braces 29 | T. Strub, S. Giuliano, T. Ye, et al. (2011) Essential role of microphthalmia transcription factor for DNA replication, mitosis and genomic stability in melanoma. emph{Oncogene} \bold{30}:2319-32. | ^ Flavors: r-devel-windows-x86_64, r-release-windows-x86_64