Last updated on 2023-03-30 06:53:20 CEST.
Flavor | Version | Tinstall | Tcheck | Ttotal | Status | Flags |
---|---|---|---|---|---|---|
r-devel-linux-x86_64-debian-clang | 1.2.2 | 11.81 | 78.28 | 90.09 | OK | |
r-devel-linux-x86_64-debian-gcc | 1.2.2 | 9.52 | 58.99 | 68.51 | OK | |
r-devel-linux-x86_64-fedora-clang | 1.2.2 | 111.45 | NOTE | |||
r-devel-linux-x86_64-fedora-gcc | 1.2.2 | 110.98 | NOTE | |||
r-devel-windows-x86_64 | 1.2.2 | 54.00 | 0.00 | 54.00 | OK | |
r-patched-linux-x86_64 | 1.2.2 | 11.21 | 75.01 | 86.22 | OK | |
r-release-linux-x86_64 | 1.2.2 | 7.01 | 75.36 | 82.37 | OK | |
r-release-macos-arm64 | 1.2.2 | 32.00 | NOTE | |||
r-release-macos-x86_64 | 1.2.2 | 51.00 | NOTE | |||
r-release-windows-x86_64 | 1.2.2 | 50.00 | 105.00 | 155.00 | OK | |
r-oldrel-macos-arm64 | 1.2.2 | 39.00 | NOTE | |||
r-oldrel-macos-x86_64 | 1.2.2 | 61.00 | NOTE | |||
r-oldrel-windows-ix86+x86_64 | 1.2.2 | 23.00 | 106.00 | 129.00 | OK |
Version: 1.2.2
Check: dependencies in R code
Result: NOTE
Namespaces in Imports field not imported from:
‘ade4’ ‘dendextend’ ‘ggforce’ ‘ggrepel’ ‘stringr’ ‘tidyverse’
All declared Imports should be used.
Flavors: r-devel-linux-x86_64-fedora-clang, r-devel-linux-x86_64-fedora-gcc, r-release-macos-arm64, r-release-macos-x86_64, r-oldrel-macos-arm64, r-oldrel-macos-x86_64