Last updated on 2025-06-19 06:51:22 CEST.
Flavor | Version | Tinstall | Tcheck | Ttotal | Status | Flags |
---|---|---|---|---|---|---|
r-devel-linux-x86_64-debian-clang | 1.2.2 | 9.61 | 64.82 | 74.43 | OK | |
r-devel-linux-x86_64-debian-gcc | 1.2.2 | 6.03 | 44.73 | 50.76 | OK | |
r-devel-linux-x86_64-fedora-clang | 1.2.2 | 125.36 | NOTE | |||
r-devel-linux-x86_64-fedora-gcc | 1.2.2 | 119.14 | NOTE | |||
r-devel-windows-x86_64 | 1.2.2 | 11.00 | 77.00 | 88.00 | OK | |
r-patched-linux-x86_64 | 1.2.2 | 9.97 | 58.43 | 68.40 | OK | |
r-release-linux-x86_64 | 1.2.2 | 9.84 | 59.53 | 69.37 | OK | |
r-release-macos-arm64 | 1.2.2 | 33.00 | OK | |||
r-release-macos-x86_64 | 1.2.2 | 56.00 | OK | |||
r-release-windows-x86_64 | 1.2.2 | 11.00 | 79.00 | 90.00 | OK | |
r-oldrel-macos-arm64 | 1.2.2 | 33.00 | OK | |||
r-oldrel-macos-x86_64 | 1.2.2 | 47.00 | OK | |||
r-oldrel-windows-x86_64 | 1.2.2 | 13.00 | 95.00 | 108.00 | OK |
Version: 1.2.2
Check: dependencies in R code
Result: NOTE
Namespaces in Imports field not imported from:
‘ade4’ ‘dendextend’ ‘ggforce’ ‘ggrepel’ ‘stringr’ ‘tidyverse’
All declared Imports should be used.
Flavors: r-devel-linux-x86_64-fedora-clang, r-devel-linux-x86_64-fedora-gcc