Last updated on 2023-01-28 07:15:00 CET.
Flavor | Version | Tinstall | Tcheck | Ttotal | Status | Flags |
---|---|---|---|---|---|---|
r-devel-linux-x86_64-debian-clang | 1.0.3 | 106.11 | 186.94 | 293.05 | OK | |
r-devel-linux-x86_64-debian-gcc | 1.0.3 | 91.96 | 134.28 | 226.24 | OK | |
r-devel-linux-x86_64-fedora-clang | 1.0.3 | 398.66 | NOTE | |||
r-devel-linux-x86_64-fedora-gcc | 1.0.3 | 366.14 | NOTE | |||
r-patched-linux-x86_64 | 1.0.3 | 99.51 | 173.53 | 273.04 | OK | |
r-release-linux-x86_64 | 1.0.3 | 69.94 | 173.61 | 243.55 | OK | |
r-release-macos-arm64 | 1.0.3 | 93.00 | NOTE | |||
r-release-macos-x86_64 | 1.0.3 | 125.00 | NOTE | |||
r-release-windows-x86_64 | 1.0.3 | 181.00 | 256.00 | 437.00 | OK | |
r-oldrel-macos-arm64 | 1.0.3 | 90.00 | NOTE | |||
r-oldrel-macos-x86_64 | 1.0.3 | 123.00 | NOTE | |||
r-oldrel-windows-ix86+x86_64 | 1.0.3 | 252.00 | 303.00 | 555.00 | OK |
Version: 1.0.3
Check: data for non-ASCII characters
Result: NOTE
Note: found 2 marked UTF-8 strings
Flavors: r-devel-linux-x86_64-fedora-clang, r-devel-linux-x86_64-fedora-gcc, r-release-macos-arm64, r-release-macos-x86_64, r-oldrel-macos-arm64, r-oldrel-macos-x86_64
Version: 1.0.3
Check: installed package size
Result: NOTE
installed size is 5.5Mb
sub-directories of 1Mb or more:
libs 3.3Mb
Flavors: r-release-macos-arm64, r-release-macos-x86_64, r-oldrel-macos-arm64, r-oldrel-macos-x86_64