Last updated on 2023-01-28 07:15:00 CET.
Flavor | Version | Tinstall | Tcheck | Ttotal | Status | Flags |
---|---|---|---|---|---|---|
r-devel-linux-x86_64-debian-clang | 0.1.1 | 52.87 | 403.91 | 456.78 | OK | |
r-devel-linux-x86_64-debian-gcc | 0.1.1 | 41.31 | 195.51 | 236.82 | NOTE | |
r-devel-linux-x86_64-fedora-clang | 0.1.1 | 353.18 | NOTE | |||
r-devel-linux-x86_64-fedora-gcc | 0.1.1 | 484.43 | NOTE | |||
r-patched-linux-x86_64 | 0.1.1 | 46.44 | 261.61 | 308.05 | OK | |
r-release-linux-x86_64 | 0.1.1 | 41.90 | 365.73 | 407.63 | OK | |
r-release-macos-arm64 | 0.1.1 | 93.00 | NOTE | |||
r-release-macos-x86_64 | 0.1.1 | 125.00 | NOTE | |||
r-release-windows-x86_64 | 0.1.1 | 94.00 | 294.00 | 388.00 | NOTE | |
r-oldrel-macos-arm64 | 0.1.1 | 91.00 | NOTE | |||
r-oldrel-macos-x86_64 | 0.1.1 | 203.00 | NOTE | |||
r-oldrel-windows-ix86+x86_64 | 0.1.1 | 132.00 | 339.00 | 471.00 | NOTE |
Version: 0.1.1
Check: C++ specification
Result: NOTE
Specified C++11: please update to current default of C++17
Flavors: r-devel-linux-x86_64-debian-gcc, r-devel-linux-x86_64-fedora-clang, r-devel-linux-x86_64-fedora-gcc
Version: 0.1.1
Check: installed package size
Result: NOTE
installed size is 7.4Mb
sub-directories of 1Mb or more:
doc 2.3Mb
help 2.0Mb
libs 2.7Mb
Flavors: r-release-macos-arm64, r-release-macos-x86_64, r-release-windows-x86_64, r-oldrel-macos-arm64, r-oldrel-macos-x86_64, r-oldrel-windows-ix86+x86_64