Last updated on 2023-03-20 05:52:16 CET.
Flavor | Version | Tinstall | Tcheck | Ttotal | Status | Flags |
---|---|---|---|---|---|---|
r-devel-linux-x86_64-debian-clang | 1.1 | NOTE | ||||
r-devel-linux-x86_64-debian-gcc | 1.1 | 2.38 | 73.12 | 75.50 | NOTE | |
r-devel-linux-x86_64-fedora-clang | 1.1 | 152.29 | NOTE | |||
r-devel-linux-x86_64-fedora-gcc | 1.1 | 159.85 | NOTE | |||
r-patched-linux-x86_64 | 1.1 | 3.01 | 95.33 | 98.34 | NOTE | |
r-release-linux-x86_64 | 1.1 | 2.33 | 95.04 | 97.37 | NOTE | |
r-release-macos-arm64 | 1.1 | 23.00 | NOTE | |||
r-release-macos-x86_64 | 1.1 | 54.00 | NOTE | |||
r-release-windows-x86_64 | 1.1 | 49.00 | 379.00 | 428.00 | NOTE | |
r-oldrel-macos-arm64 | 1.1 | 26.00 | NOTE | |||
r-oldrel-macos-x86_64 | 1.1 | 35.00 | NOTE | |||
r-oldrel-windows-ix86+x86_64 | 1.1 | 7.00 | 153.00 | 160.00 | NOTE |
Version: 1.1
Check: LazyData
Result: NOTE
'LazyData' is specified without a 'data' directory
Flavors: r-devel-linux-x86_64-debian-clang, r-devel-linux-x86_64-debian-gcc, r-devel-linux-x86_64-fedora-clang, r-devel-linux-x86_64-fedora-gcc, r-patched-linux-x86_64, r-release-linux-x86_64, r-release-macos-arm64, r-release-macos-x86_64, r-release-windows-x86_64, r-oldrel-macos-arm64, r-oldrel-macos-x86_64, r-oldrel-windows-ix86+x86_64