Last updated on 2023-03-26 06:53:30 CEST.
Flavor | Version | Tinstall | Tcheck | Ttotal | Status | Flags |
---|---|---|---|---|---|---|
r-devel-linux-x86_64-debian-clang | 1.1 | 3.20 | 56.45 | 59.65 | NOTE | |
r-devel-linux-x86_64-debian-gcc | 1.1 | 3.16 | 44.50 | 47.66 | OK | |
r-devel-linux-x86_64-fedora-clang | 1.1 | 78.60 | NOTE | |||
r-devel-linux-x86_64-fedora-gcc | 1.1 | 92.34 | NOTE | |||
r-devel-windows-x86_64 | 1.1 | 38.00 | 106.00 | 144.00 | OK | |
r-patched-linux-x86_64 | 1.1 | 4.98 | 55.86 | 60.84 | OK | |
r-release-linux-x86_64 | 1.0 | 3.10 | 59.89 | 62.99 | NOTE | |
r-release-macos-arm64 | 1.1 | 24.00 | NOTE | |||
r-release-macos-x86_64 | 1.1 | 42.00 | NOTE | |||
r-release-windows-x86_64 | 1.1 | 35.00 | 105.00 | 140.00 | OK | |
r-oldrel-macos-arm64 | 1.1 | 32.00 | NOTE | |||
r-oldrel-macos-x86_64 | 1.1 | 45.00 | NOTE | |||
r-oldrel-windows-ix86+x86_64 | 1.0 | 9.00 | 129.00 | 138.00 | OK |
Version: 1.1
Check: package dependencies
Result: NOTE
Package suggested but not available for checking: ‘ProteoMM’
Flavor: r-devel-linux-x86_64-debian-clang
Version: 1.1
Check: package dependencies
Result: NOTE
Packages suggested but not available for checking: 'DAPAR', 'ProteoMM'
Flavors: r-devel-linux-x86_64-fedora-clang, r-devel-linux-x86_64-fedora-gcc, r-release-macos-arm64, r-release-macos-x86_64, r-oldrel-macos-arm64, r-oldrel-macos-x86_64
Version: 1.0
Check: Rd cross-references
Result: NOTE
Package unavailable to check Rd xrefs: ‘DAPAR’
Flavor: r-release-linux-x86_64