Last updated on 2022-07-04 06:51:28 CEST.
Flavor | Version | Tinstall | Tcheck | Ttotal | Status | Flags |
---|---|---|---|---|---|---|
r-devel-linux-x86_64-debian-clang | 0.6-16 | 8.56 | 80.56 | 89.12 | OK | |
r-devel-linux-x86_64-debian-gcc | 0.6-16 | 5.84 | 61.06 | 66.90 | OK | |
r-devel-linux-x86_64-fedora-clang | 0.6-16 | 115.46 | NOTE | |||
r-devel-linux-x86_64-fedora-gcc | 0.6-16 | 118.37 | OK | |||
r-devel-windows-x86_64 | 0.6-16 | 26.00 | 105.00 | 131.00 | OK | |
r-patched-linux-x86_64 | 0.6-16 | 9.33 | 78.05 | 87.38 | OK | |
r-release-linux-x86_64 | 0.6-16 | 6.64 | 76.48 | 83.12 | OK | |
r-release-macos-arm64 | 0.6-16 | 35.00 | OK | |||
r-release-macos-x86_64 | 0.6-16 | 50.00 | OK | |||
r-release-windows-x86_64 | 0.6-16 | 33.00 | 108.00 | 141.00 | OK | |
r-oldrel-macos-arm64 | 0.6-16 | 37.00 | OK | |||
r-oldrel-macos-x86_64 | 0.6-16 | 61.00 | OK | |||
r-oldrel-windows-ix86+x86_64 | 0.6-16 | 16.00 | 103.00 | 119.00 | OK |
Version: 0.6-16
Check: Rd cross-references
Result: NOTE
Undeclared packages ‘micEconAids’, ‘micEconSNQP’ in Rd xrefs
Flavor: r-devel-linux-x86_64-fedora-clang