CRAN Package Check Results for Package miceFast

Last updated on 2021-01-17 06:46:56 CET.

Flavor Version Tinstall Tcheck Ttotal Status Flags
r-devel-linux-x86_64-debian-clang 0.6.9 126.59 96.82 223.41 OK
r-devel-linux-x86_64-debian-gcc 0.6.9 84.87 72.44 157.31 OK
r-devel-linux-x86_64-fedora-clang 0.6.9 300.86 NOTE
r-devel-linux-x86_64-fedora-gcc 0.6.9 270.60 OK
r-devel-windows-ix86+x86_64 0.6.9 203.00 151.00 354.00 OK
r-patched-linux-x86_64 0.6.9 102.53 90.45 192.98 OK
r-patched-solaris-x86 0.6.9 270.20 OK
r-release-linux-x86_64 0.6.9 98.30 90.24 188.54 OK
r-release-macos-x86_64 0.6.9 NOTE
r-release-windows-ix86+x86_64 0.6.9 233.00 152.00 385.00 OK
r-oldrel-macos-x86_64 0.6.9 NOTE
r-oldrel-windows-ix86+x86_64 0.6.9 251.00 121.00 372.00 OK

Check Details

Version: 0.6.9
Check: installed package size
Result: NOTE
     installed size is 10.6Mb
     sub-directories of 1Mb or more:
     doc 1.0Mb
     libs 9.4Mb
Flavors: r-devel-linux-x86_64-fedora-clang, r-release-macos-x86_64, r-oldrel-macos-x86_64