Last updated on 2023-02-02 06:54:58 CET.
Flavor | Version | Tinstall | Tcheck | Ttotal | Status | Flags |
---|---|---|---|---|---|---|
r-devel-linux-x86_64-debian-clang | 0.8.2 | 107.24 | 89.74 | 196.98 | NOTE | |
r-devel-linux-x86_64-debian-gcc | 0.8.2 | 95.51 | 62.58 | 158.09 | NOTE | |
r-devel-linux-x86_64-fedora-clang | 0.8.2 | 289.59 | NOTE | |||
r-devel-linux-x86_64-fedora-gcc | 0.8.2 | 295.56 | NOTE | |||
r-devel-windows-x86_64 | 0.8.2 | 107.00 | 148.00 | 255.00 | NOTE | |
r-patched-linux-x86_64 | 0.8.2 | 107.35 | 80.58 | 187.93 | OK | |
r-release-linux-x86_64 | 0.8.2 | 103.79 | 83.91 | 187.70 | OK | |
r-release-macos-arm64 | 0.8.2 | 79.00 | NOTE | |||
r-release-macos-x86_64 | 0.8.2 | 89.00 | NOTE | |||
r-release-windows-x86_64 | 0.8.2 | 119.00 | 154.00 | 273.00 | OK | |
r-oldrel-macos-arm64 | 0.8.2 | 75.00 | NOTE | |||
r-oldrel-macos-x86_64 | 0.8.2 | 92.00 | NOTE | |||
r-oldrel-windows-ix86+x86_64 | 0.8.2 | 283.00 | 173.00 | 456.00 | OK |
Version: 0.8.2
Check: C++ specification
Result: NOTE
Specified C++11: please update to current default of C++17
Flavors: r-devel-linux-x86_64-debian-clang, r-devel-linux-x86_64-debian-gcc, r-devel-linux-x86_64-fedora-clang, r-devel-linux-x86_64-fedora-gcc, r-devel-windows-x86_64
Version: 0.8.2
Check: installed package size
Result: NOTE
installed size is 9.6Mb
sub-directories of 1Mb or more:
libs 8.4Mb
Flavors: r-release-macos-arm64, r-release-macos-x86_64, r-oldrel-macos-arm64, r-oldrel-macos-x86_64