CRAN Package Check Results for Package microhaplot

Last updated on 2024-06-14 06:53:40 CEST.

Flavor Version Tinstall Tcheck Ttotal Status Flags
r-devel-linux-x86_64-debian-clang 1.0.1 3.26 39.79 43.05 NOTE
r-devel-linux-x86_64-debian-gcc 1.0.1 2.11 29.98 32.09 NOTE
r-devel-linux-x86_64-fedora-clang 1.0.1 54.34 NOTE
r-devel-linux-x86_64-fedora-gcc 1.0.1 65.09 NOTE
r-devel-windows-x86_64 1.0.1 4.00 67.00 71.00 NOTE
r-patched-linux-x86_64 1.0.1 2.71 37.80 40.51 NOTE
r-release-linux-x86_64 1.0.1 1.97 38.74 40.71 NOTE
r-release-macos-arm64 1.0.1 29.00 NOTE
r-release-macos-x86_64 1.0.1 49.00 NOTE
r-release-windows-x86_64 1.0.1 5.00 64.00 69.00 NOTE
r-oldrel-macos-arm64 1.0.1 28.00 NOTE
r-oldrel-macos-x86_64 1.0.1 41.00 NOTE
r-oldrel-windows-x86_64 1.0.1 5.00 68.00 73.00 NOTE

Check Details

Version: 1.0.1
Check: LazyData
Result: NOTE 'LazyData' is specified without a 'data' directory Flavors: r-devel-linux-x86_64-debian-clang, r-devel-linux-x86_64-debian-gcc, r-devel-linux-x86_64-fedora-clang, r-devel-linux-x86_64-fedora-gcc, r-devel-windows-x86_64, r-patched-linux-x86_64, r-release-linux-x86_64, r-release-macos-arm64, r-release-macos-x86_64, r-release-windows-x86_64, r-oldrel-macos-arm64, r-oldrel-macos-x86_64, r-oldrel-windows-x86_64

Version: 1.0.1
Check: dependencies in R code
Result: NOTE Namespaces in Imports field not imported from: ‘DT’ ‘ggiraph’ ‘ggplot2’ ‘grid’ ‘gtools’ ‘scales’ ‘shinyBS’ ‘shinyWidgets’ ‘tidyr’ All declared Imports should be used. Flavors: r-devel-linux-x86_64-fedora-clang, r-devel-linux-x86_64-fedora-gcc