CRAN Package Check Results for Package milorGWAS

Last updated on 2025-01-17 06:49:28 CET.

Flavor Version Tinstall Tcheck Ttotal Status Flags
r-devel-linux-x86_64-debian-clang 0.7 97.15 80.53 177.68 OK
r-devel-linux-x86_64-debian-gcc 0.7 77.68 60.57 138.25 OK
r-devel-linux-x86_64-fedora-clang 0.7 335.65 OK
r-devel-linux-x86_64-fedora-gcc 0.7 372.96 OK
r-devel-windows-x86_64 0.7 104.00 118.00 222.00 OK
r-patched-linux-x86_64 0.7 106.92 83.52 190.44 OK
r-release-linux-x86_64 0.7 102.89 83.77 186.66 OK
r-release-macos-arm64 0.7 120.00 NOTE
r-release-macos-x86_64 0.7 198.00 NOTE
r-release-windows-x86_64 0.7 105.00 135.00 240.00 OK
r-oldrel-macos-arm64 0.7 127.00 NOTE
r-oldrel-macos-x86_64 0.7 234.00 NOTE
r-oldrel-windows-x86_64 0.7 121.00 149.00 270.00 OK

Check Details

Version: 0.7
Check: installed package size
Result: NOTE installed size is 14.9Mb sub-directories of 1Mb or more: libs 14.2Mb Flavors: r-release-macos-arm64, r-release-macos-x86_64, r-oldrel-macos-arm64, r-oldrel-macos-x86_64