CRAN Package Check Results for Package mined

Last updated on 2024-02-23 06:50:34 CET.

Flavor Version Tinstall Tcheck Ttotal Status Flags
r-devel-linux-x86_64-debian-clang 1.0-3 NOTE
r-devel-linux-x86_64-debian-gcc 1.0-3 57.49 29.36 86.85 NOTE
r-devel-linux-x86_64-fedora-clang 1.0-3 139.00 NOTE
r-devel-linux-x86_64-fedora-gcc 1.0-3 153.90 NOTE
r-devel-windows-x86_64 1.0-3 49.00 80.00 129.00 NOTE
r-patched-linux-x86_64 1.0-3 68.53 37.01 105.54 NOTE
r-release-linux-x86_64 1.0-3 75.12 36.68 111.80 NOTE
r-release-macos-arm64 1.0-3 46.00 NOTE
r-release-macos-x86_64 1.0-3 79.00 NOTE
r-release-windows-x86_64 1.0-3 65.00 82.00 147.00 NOTE
r-oldrel-macos-arm64 1.0-3 36.00 NOTE
r-oldrel-windows-x86_64 1.0-3 63.00 81.00 144.00 OK

Check Details

Version: 1.0-3
Check: C++ specification
Result: NOTE Specified C++11: please drop specification unless essential Flavors: r-devel-linux-x86_64-debian-clang, r-devel-linux-x86_64-debian-gcc, r-devel-linux-x86_64-fedora-clang, r-devel-linux-x86_64-fedora-gcc, r-devel-windows-x86_64, r-patched-linux-x86_64, r-release-linux-x86_64, r-release-macos-arm64, r-release-macos-x86_64, r-release-windows-x86_64

Version: 1.0-3
Check: installed package size
Result: NOTE installed size is 22.3Mb sub-directories of 1Mb or more: libs 22.2Mb Flavors: r-release-macos-arm64, r-release-macos-x86_64, r-oldrel-macos-arm64