Last updated on 2023-02-02 06:54:58 CET.
Flavor | Version | Tinstall | Tcheck | Ttotal | Status | Flags |
---|---|---|---|---|---|---|
r-devel-linux-x86_64-debian-clang | 1.0-3 | 76.20 | 33.71 | 109.91 | NOTE | |
r-devel-linux-x86_64-debian-gcc | 1.0-3 | 57.03 | 28.57 | 85.60 | NOTE | |
r-devel-linux-x86_64-fedora-clang | 1.0-3 | 140.06 | NOTE | |||
r-devel-linux-x86_64-fedora-gcc | 1.0-3 | 145.29 | NOTE | |||
r-patched-linux-x86_64 | 1.0-3 | 59.66 | 35.59 | 95.25 | OK | |
r-release-linux-x86_64 | 1.0-3 | 58.54 | 36.14 | 94.68 | OK | |
r-release-macos-arm64 | 1.0-3 | 36.00 | NOTE | |||
r-release-macos-x86_64 | 1.0-3 | 54.00 | NOTE | |||
r-release-windows-x86_64 | 1.0-3 | 75.00 | 95.00 | 170.00 | OK | |
r-oldrel-macos-arm64 | 1.0-3 | 34.00 | NOTE | |||
r-oldrel-macos-x86_64 | 1.0-3 | 52.00 | NOTE | |||
r-oldrel-windows-ix86+x86_64 | 1.0-3 | 151.00 | 93.00 | 244.00 | OK |
Version: 1.0-3
Check: C++ specification
Result: NOTE
Specified C++11: please update to current default of C++17
Flavors: r-devel-linux-x86_64-debian-clang, r-devel-linux-x86_64-debian-gcc, r-devel-linux-x86_64-fedora-clang, r-devel-linux-x86_64-fedora-gcc
Version: 1.0-3
Check: installed package size
Result: NOTE
installed size is 22.3Mb
sub-directories of 1Mb or more:
libs 22.2Mb
Flavors: r-release-macos-arm64, r-release-macos-x86_64, r-oldrel-macos-arm64, r-oldrel-macos-x86_64