CRAN Package Check Results for Package minimaxdesign

Last updated on 2020-10-20 06:46:50 CEST.

Flavor Version Tinstall Tcheck Ttotal Status Flags
r-devel-linux-x86_64-debian-clang 0.1.4 74.93 27.60 102.53 OK
r-devel-linux-x86_64-debian-gcc 0.1.4 55.51 21.50 77.01 OK
r-devel-linux-x86_64-fedora-clang 0.1.4 154.42 NOTE
r-devel-linux-x86_64-fedora-gcc 0.1.4 133.10 NOTE
r-devel-windows-ix86+x86_64 0.1.4 133.00 55.00 188.00 OK
r-patched-linux-x86_64 0.1.4 66.28 26.27 92.55 OK
r-patched-solaris-x86 0.1.4 128.10 NOTE
r-release-linux-x86_64 0.1.4 66.05 26.25 92.30 OK
r-release-macos-x86_64 0.1.4 NOTE
r-release-windows-ix86+x86_64 0.1.4 132.00 59.00 191.00 OK
r-oldrel-macos-x86_64 0.1.4 NOTE
r-oldrel-windows-ix86+x86_64 0.1.4 118.00 69.00 187.00 OK

Check Details

Version: 0.1.4
Check: dependencies in R code
Result: NOTE
    Namespaces in Imports field not imported from:
     ‘DiceDesign’ ‘MaxPro’ ‘doSNOW’ ‘gmp’ ‘jpeg’
     All declared Imports should be used.
Flavors: r-devel-linux-x86_64-fedora-clang, r-devel-linux-x86_64-fedora-gcc, r-patched-solaris-x86, r-release-macos-x86_64, r-oldrel-macos-x86_64