CRAN Package Check Results for Package minpack.lm

Last updated on 2022-01-21 07:52:38 CET.

Flavor Version Tinstall Tcheck Ttotal Status Flags
r-devel-linux-x86_64-debian-clang 1.2-1 OK
r-devel-linux-x86_64-debian-gcc 1.2-1 4.54 25.07 29.61 OK
r-devel-linux-x86_64-fedora-clang 1.2-1 47.77 NOTE
r-devel-linux-x86_64-fedora-gcc 1.2-1 36.44 NOTE
r-devel-windows-x86_64-new-UL 1.2-1 54.00 54.00 108.00 OK
r-devel-windows-x86_64-new-TK 1.2-1 OK
r-patched-linux-x86_64 1.2-1 6.33 30.97 37.30 OK
r-release-linux-x86_64 1.2-1 4.98 31.27 36.25 OK
r-release-macos-arm64 1.2-1 OK
r-release-macos-x86_64 1.2-1 OK
r-release-windows-ix86+x86_64 1.2-1 27.00 49.00 76.00 OK
r-oldrel-macos-x86_64 1.2-1 OK
r-oldrel-windows-ix86+x86_64 1.2-1 25.00 48.00 73.00 OK

Check Details

Version: 1.2-1
Check: compiled code
Result: NOTE
    File ‘minpack.lm/libs/minpack.lm.so’:
     Found no calls to: ‘R_registerRoutines’, ‘R_useDynamicSymbols’
    
    It is good practice to register native routines and to disable symbol
    search.
    
    See ‘Writing portable packages’ in the ‘Writing R Extensions’ manual.
Flavors: r-devel-linux-x86_64-fedora-clang, r-devel-linux-x86_64-fedora-gcc