CRAN Package Check Results for Package minqa

Last updated on 2020-10-01 06:47:11 CEST.

Flavor Version Tinstall Tcheck Ttotal Status Flags
r-devel-linux-x86_64-debian-clang 1.2.4 18.69 27.80 46.49 OK
r-devel-linux-x86_64-debian-gcc 1.2.4 0.27 2.03 2.30 ERROR
r-devel-linux-x86_64-fedora-clang 1.2.4 70.21 OK
r-devel-linux-x86_64-fedora-gcc 1.2.4 60.40 OK
r-devel-windows-ix86+x86_64 1.2.4 58.00 69.00 127.00 OK
r-patched-linux-x86_64 1.2.4 18.17 26.85 45.02 OK
r-patched-solaris-x86 1.2.4 72.40 OK
r-release-linux-x86_64 1.2.4 19.70 27.00 46.70 OK
r-release-macos-x86_64 1.2.4 OK
r-release-windows-ix86+x86_64 1.2.4 68.00 72.00 140.00 OK
r-oldrel-macos-x86_64 1.2.4 OK
r-oldrel-windows-ix86+x86_64 1.2.4 60.00 70.00 130.00 OK

Check Details

Version: 1.2.4
Check: whether package can be installed
Result: ERROR
    Installation failed.
Flavor: r-devel-linux-x86_64-debian-gcc