Last updated on 2021-01-20 06:46:54 CET.
Flavor | Version | Tinstall | Tcheck | Ttotal | Status | Flags |
---|---|---|---|---|---|---|
r-devel-linux-x86_64-debian-clang | 1.33.2 | 147.79 | 223.89 | 371.68 | OK | |
r-devel-linux-x86_64-debian-gcc | 1.33.2 | 108.23 | 159.85 | 268.08 | OK | |
r-devel-linux-x86_64-fedora-clang | 1.33.2 | 464.42 | NOTE | |||
r-devel-linux-x86_64-fedora-gcc | 1.33.2 | 450.82 | OK | |||
r-devel-windows-ix86+x86_64 | 1.33.2 | 219.00 | 271.00 | 490.00 | NOTE | |
r-patched-linux-x86_64 | 1.33.2 | 133.82 | 198.21 | 332.03 | OK | |
r-patched-solaris-x86 | 1.33.2 | 444.30 | OK | |||
r-release-linux-x86_64 | 1.33.2 | 122.30 | 201.11 | 323.41 | OK | |
r-release-macos-x86_64 | 1.33.2 | NOTE | ||||
r-release-windows-ix86+x86_64 | 1.33.2 | 243.00 | 266.00 | 509.00 | NOTE | |
r-oldrel-macos-x86_64 | 1.33.2 | NOTE | ||||
r-oldrel-windows-ix86+x86_64 | 1.33.2 | 193.00 | 211.00 | 404.00 | OK |
Version: 1.33.2
Check: installed package size
Result: NOTE
installed size is 9.8Mb
sub-directories of 1Mb or more:
R 1.4Mb
libs 7.8Mb
Flavors: r-devel-linux-x86_64-fedora-clang, r-devel-windows-ix86+x86_64, r-release-macos-x86_64, r-release-windows-ix86+x86_64, r-oldrel-macos-x86_64