CRAN Package Check Results for Package mirt

Last updated on 2020-09-27 06:46:38 CEST.

Flavor Version Tinstall Tcheck Ttotal Status Flags
r-devel-linux-x86_64-debian-clang 1.32.1 140.58 212.27 352.85 OK
r-devel-linux-x86_64-debian-gcc 1.32.1 114.00 157.53 271.53 OK
r-devel-linux-x86_64-fedora-clang 1.32.1 460.52 NOTE
r-devel-linux-x86_64-fedora-gcc 1.32.1 447.59 OK
r-devel-windows-ix86+x86_64 1.32.1 295.00 309.00 604.00 NOTE
r-patched-linux-x86_64 1.32.1 123.10 200.48 323.58 OK
r-patched-solaris-x86 1.32.1 459.50 OK
r-release-linux-x86_64 1.32.1 122.01 201.97 323.98 OK
r-release-macos-x86_64 1.32.1 NOTE
r-release-windows-ix86+x86_64 1.32.1 256.00 314.00 570.00 NOTE
r-oldrel-macos-x86_64 1.32.1 NOTE
r-oldrel-windows-ix86+x86_64 1.32.1 266.00 292.00 558.00 OK

Check Details

Version: 1.32.1
Check: installed package size
Result: NOTE
     installed size is 10.2Mb
     sub-directories of 1Mb or more:
     R 1.4Mb
     libs 8.2Mb
Flavors: r-devel-linux-x86_64-fedora-clang, r-devel-windows-ix86+x86_64, r-release-macos-x86_64, r-release-windows-ix86+x86_64, r-oldrel-macos-x86_64