CRAN Package Check Results for Package missingHE

Last updated on 2024-02-21 06:53:14 CET.

Flavor Version Tinstall Tcheck Ttotal Status Flags
r-devel-linux-x86_64-debian-clang 1.5.0 OK
r-devel-linux-x86_64-debian-gcc 1.5.0 30.40 502.25 532.65 OK
r-devel-linux-x86_64-fedora-clang 1.5.0 873.59 NOTE
r-devel-linux-x86_64-fedora-gcc 1.5.0 824.18 NOTE
r-devel-windows-x86_64 1.5.0 30.00 459.00 489.00 OK
r-patched-linux-x86_64 1.5.0 33.96 657.75 691.71 OK
r-release-linux-x86_64 1.5.0 34.09 659.06 693.15 OK
r-release-macos-arm64 1.5.0 218.00 OK
r-release-macos-x86_64 1.5.0 379.00 OK
r-release-windows-x86_64 1.5.0 42.00 606.00 648.00 OK
r-oldrel-macos-arm64 1.5.0 114.00 OK
r-oldrel-windows-x86_64 1.5.0 41.00 641.00 682.00 OK

Check Details

Version: 1.5.0
Check: dependencies in R code
Result: NOTE Namespace in Imports field not imported from: ‘mcmcr’ All declared Imports should be used. Flavors: r-devel-linux-x86_64-fedora-clang, r-devel-linux-x86_64-fedora-gcc