CRAN Package Check Results for Package mixsqp

Last updated on 2021-06-13 06:49:55 CEST.

Flavor Version Tinstall Tcheck Ttotal Status Flags
r-devel-linux-x86_64-debian-clang 0.3-43 89.50 119.08 208.58 OK
r-devel-linux-x86_64-debian-gcc 0.3-43 58.10 80.70 138.80 OK
r-devel-linux-x86_64-fedora-clang 0.3-43 262.60 OK
r-devel-linux-x86_64-fedora-gcc 0.3-43 234.90 OK
r-devel-windows-x86_64 0.3-43 102.00 143.00 245.00 OK
r-devel-windows-x86_64-gcc10-UCRT 0.3-43 OK
r-patched-linux-x86_64 0.3-43 66.82 104.26 171.08 OK
r-patched-solaris-x86 0.3-43 329.60 NOTE
r-release-linux-x86_64 0.3-43 65.82 107.31 173.13 OK
r-release-macos-arm64 0.3-43 OK
r-release-macos-x86_64 0.3-43 OK
r-release-windows-ix86+x86_64 0.3-43 149.00 189.00 338.00 OK
r-oldrel-macos-x86_64 0.3-43 OK
r-oldrel-windows-ix86+x86_64 0.3-43 140.00 190.00 330.00 OK

Check Details

Version: 0.3-43
Check: package dependencies
Result: NOTE
    Packages suggested but not available for checking: 'REBayes', 'Rmosek'
Flavor: r-patched-solaris-x86