CRAN Package Check Results for Package mldr

Last updated on 2024-05-18 07:49:10 CEST.

Flavor Version Tinstall Tcheck Ttotal Status Flags
r-devel-linux-x86_64-debian-clang 0.4.3 7.30 84.91 92.21 NOTE
r-devel-linux-x86_64-debian-gcc 0.4.3 7.63 65.24 72.87 NOTE
r-devel-linux-x86_64-fedora-clang 0.4.3 120.25 NOTE
r-devel-linux-x86_64-fedora-gcc 0.4.3 179.95 NOTE
r-devel-windows-x86_64 0.4.3 9.00 96.00 105.00 NOTE
r-patched-linux-x86_64 0.4.3 8.60 83.15 91.75 NOTE
r-release-linux-x86_64 0.4.3 9.52 83.85 93.37 NOTE
r-release-macos-arm64 0.4.3 43.00 NOTE
r-release-windows-x86_64 0.4.3 9.00 97.00 106.00 NOTE
r-oldrel-macos-arm64 0.4.3 45.00 OK
r-oldrel-macos-x86_64 0.4.3 68.00 OK
r-oldrel-windows-x86_64 0.4.3 11.00 112.00 123.00 OK

Check Details

Version: 0.4.3
Check: Rd files
Result: NOTE checkRd: (-1) mldrGUI.Rd:22-25: Lost braces in \itemize; meant \describe ? checkRd: (-1) mldrGUI.Rd:26-28: Lost braces in \itemize; meant \describe ? checkRd: (-1) mldrGUI.Rd:29: Lost braces in \itemize; meant \describe ? checkRd: (-1) mldrGUI.Rd:30-31: Lost braces in \itemize; meant \describe ? checkRd: (-1) mldrGUI.Rd:32-34: Lost braces in \itemize; meant \describe ? Flavors: r-devel-linux-x86_64-debian-clang, r-devel-linux-x86_64-debian-gcc, r-devel-linux-x86_64-fedora-clang, r-devel-linux-x86_64-fedora-gcc, r-devel-windows-x86_64, r-patched-linux-x86_64, r-release-linux-x86_64, r-release-macos-arm64, r-release-windows-x86_64