CRAN Package Check Results for Package mlergm

Last updated on 2020-10-20 06:46:50 CEST.

Flavor Version Tinstall Tcheck Ttotal Status Flags
r-devel-linux-x86_64-debian-clang 0.6 12.84 119.64 132.48 OK
r-devel-linux-x86_64-debian-gcc 0.6 11.46 89.06 100.52 OK
r-devel-linux-x86_64-fedora-clang 0.6 163.35 OK
r-devel-linux-x86_64-fedora-gcc 0.6 162.50 OK
r-devel-windows-ix86+x86_64 0.6 21.00 100.00 121.00 OK
r-patched-linux-x86_64 0.6 13.37 106.42 119.79 OK
r-patched-solaris-x86 0.6 220.20 OK
r-release-linux-x86_64 0.6 15.17 106.90 122.07 OK
r-release-macos-x86_64 0.6 OK
r-release-windows-ix86+x86_64 0.6 32.00 105.00 137.00 OK
r-oldrel-macos-x86_64 0.6 ERROR
r-oldrel-windows-ix86+x86_64 0.5 36.00 150.00 186.00 OK

Additional issues

donttest

Check Details

Version: 0.6
Check: whether package can be installed
Result: ERROR
    Installation failed.
Flavor: r-oldrel-macos-x86_64