CRAN Package Check Results for Package mlr

Last updated on 2020-09-21 06:49:17 CEST.

Flavor Version Tinstall Tcheck Ttotal Status Flags
r-devel-linux-x86_64-debian-clang 2.17.1 39.54 250.65 290.19 OK
r-devel-linux-x86_64-debian-gcc 2.17.1 32.79 186.83 219.62 OK
r-devel-linux-x86_64-fedora-clang 2.17.1 371.61 NOTE
r-devel-linux-x86_64-fedora-gcc 2.17.1 369.04 OK
r-devel-windows-ix86+x86_64 2.17.1 69.00 342.00 411.00 OK
r-patched-linux-x86_64 2.17.1 37.07 242.22 279.29 OK
r-patched-solaris-x86 2.17.1 440.50 NOTE
r-release-linux-x86_64 2.17.1 37.44 246.22 283.66 OK
r-release-macos-x86_64 2.17.1 NOTE
r-release-windows-ix86+x86_64 2.17.1 69.00 415.00 484.00 NOTE
r-oldrel-macos-x86_64 2.17.1 NOTE
r-oldrel-windows-ix86+x86_64 2.17.1 50.00 294.00 344.00 NOTE

Check Details

Version: 2.17.1
Check: installed package size
Result: NOTE
     installed size is 5.0Mb
     sub-directories of 1Mb or more:
     R 1.5Mb
     data 2.3Mb
Flavors: r-devel-linux-x86_64-fedora-clang, r-patched-solaris-x86, r-release-macos-x86_64, r-release-windows-ix86+x86_64, r-oldrel-macos-x86_64, r-oldrel-windows-ix86+x86_64

Version: 2.17.1
Check: package dependencies
Result: NOTE
    Packages suggested but not available for checking:
     'FSelector', 'h2o', 'RWeka'
Flavor: r-patched-solaris-x86