CRAN Package Check Results for Package mlr

Last updated on 2020-12-02 06:46:47 CET.

Flavor Version Tinstall Tcheck Ttotal Status Flags
r-devel-linux-x86_64-debian-clang 2.18.0 49.11 257.86 306.97 NOTE
r-devel-linux-x86_64-debian-gcc 2.18.0 32.15 196.89 229.04 NOTE
r-devel-linux-x86_64-fedora-clang 2.18.0 370.94 NOTE
r-devel-linux-x86_64-fedora-gcc 2.18.0 361.43 NOTE
r-devel-windows-ix86+x86_64 2.18.0 68.00 300.00 368.00 OK
r-patched-linux-x86_64 2.18.0 36.27 244.05 280.32 NOTE
r-patched-solaris-x86 2.18.0 409.40 NOTE
r-release-linux-x86_64 2.18.0 35.78 243.86 279.64 NOTE
r-release-macos-x86_64 2.18.0 NOTE
r-release-windows-ix86+x86_64 2.18.0 50.00 326.00 376.00 OK
r-oldrel-macos-x86_64 2.18.0 NOTE
r-oldrel-windows-ix86+x86_64 2.18.0 69.00 390.00 459.00 OK

Check Details

Version: 2.18.0
Check: package dependencies
Result: NOTE
    Package suggested but not available for checking: 'CoxBoost'
Flavors: r-devel-linux-x86_64-debian-clang, r-devel-linux-x86_64-fedora-clang, r-devel-linux-x86_64-fedora-gcc, r-release-linux-x86_64

Version: 2.18.0
Check: package dependencies
Result: NOTE
    Packages suggested but not available for checking: 'CoxBoost', 'h2o'
Flavors: r-devel-linux-x86_64-debian-gcc, r-patched-linux-x86_64

Version: 2.18.0
Check: installed package size
Result: NOTE
     installed size is 5.0Mb
     sub-directories of 1Mb or more:
     R 1.5Mb
     data 2.3Mb
Flavors: r-devel-linux-x86_64-fedora-clang, r-patched-solaris-x86, r-release-macos-x86_64, r-oldrel-macos-x86_64

Version: 2.18.0
Check: package dependencies
Result: NOTE
    Packages suggested but not available for checking:
     'CoxBoost', 'FSelector', 'RWeka'
Flavor: r-patched-solaris-x86