CRAN Package Check Results for Package mlr3filters

Last updated on 2023-01-30 09:35:10 CET.

Flavor Version Tinstall Tcheck Ttotal Status Flags
r-devel-linux-x86_64-debian-clang 0.7.0 9.98 147.97 157.95 OK
r-devel-linux-x86_64-debian-gcc 0.7.0 8.66 106.47 115.13 OK
r-devel-linux-x86_64-fedora-clang 0.7.0 188.51 OK
r-devel-linux-x86_64-fedora-gcc 0.7.0 175.80 OK
r-devel-windows-x86_64 0.7.0 65.00 181.00 246.00 OK
r-patched-linux-x86_64 0.7.0 14.52 134.84 149.36 OK
r-release-linux-x86_64 0.7.0 9.46 135.54 145.00 OK
r-release-macos-arm64 0.7.0 49.00 OK
r-release-macos-x86_64 0.7.0 65.00 OK
r-release-windows-x86_64 0.7.0 81.00 178.00 259.00 OK
r-oldrel-macos-arm64 0.7.0 50.00 OK
r-oldrel-macos-x86_64 0.7.0 66.00 OK
r-oldrel-windows-ix86+x86_64 0.7.0 20.00 178.00 198.00 WARN

Check Details

Version: 0.7.0
Check: for unstated dependencies in ‘tests’
Result: WARN
    Warning: unable to access index for repository https://bioconductor.org/packages/3.14/bioc/src/contrib:
     cannot open URL 'https://bioconductor.org/packages/3.14/bioc/src/contrib/PACKAGES'
    Warning: unable to access index for repository https://bioconductor.org/packages/3.14/data/annotation/src/contrib:
     cannot open URL 'https://bioconductor.org/packages/3.14/data/annotation/src/contrib/PACKAGES'
    Warning: unable to access index for repository https://bioconductor.org/packages/3.14/data/experiment/src/contrib:
     cannot open URL 'https://bioconductor.org/packages/3.14/data/experiment/src/contrib/PACKAGES'
Flavor: r-oldrel-windows-ix86+x86_64