CRAN Package Check Results for Package mlts

Last updated on 2025-01-15 06:48:27 CET.

Flavor Version Tinstall Tcheck Ttotal Status Flags
r-devel-linux-x86_64-debian-clang 1.0.0 805.90 191.06 996.96 OK
r-devel-linux-x86_64-debian-gcc 1.0.0 685.47 172.33 857.80 OK
r-devel-linux-x86_64-fedora-clang 1.0.0 1445.06 OK
r-devel-linux-x86_64-fedora-gcc 1.0.0 2115.37 OK
r-devel-windows-x86_64 1.0.0 613.00 265.00 878.00 OK
r-patched-linux-x86_64 1.0.0 909.35 245.34 1154.69 NOTE
r-release-linux-x86_64 1.0.0 874.49 240.07 1114.56 NOTE
r-release-macos-arm64 1.0.0 395.00 NOTE
r-release-macos-x86_64 1.0.0 498.00 NOTE
r-release-windows-x86_64 1.0.0 636.00 252.00 888.00 NOTE
r-oldrel-macos-arm64 1.0.0 395.00 NOTE
r-oldrel-macos-x86_64 1.0.0 592.00 NOTE
r-oldrel-windows-x86_64 1.0.0 880.00 307.00 1187.00 NOTE

Check Details

Version: 1.0.0
Check: for GNU extensions in Makefiles
Result: NOTE GNU make is a SystemRequirements. Flavors: r-patched-linux-x86_64, r-release-linux-x86_64, r-release-macos-arm64, r-release-macos-x86_64, r-release-windows-x86_64, r-oldrel-macos-arm64, r-oldrel-macos-x86_64, r-oldrel-windows-x86_64

Version: 1.0.0
Check: installed package size
Result: NOTE installed size is 134.5Mb sub-directories of 1Mb or more: doc 1.2Mb libs 132.5Mb Flavors: r-release-macos-arm64, r-release-macos-x86_64, r-release-windows-x86_64, r-oldrel-macos-arm64, r-oldrel-macos-x86_64, r-oldrel-windows-x86_64