CRAN Package Check Results for Package mmsample

Last updated on 2021-06-21 06:49:14 CEST.

Flavor Version Tinstall Tcheck Ttotal Status Flags
r-devel-linux-x86_64-debian-clang 0.1 30.59 26.28 56.87 NOTE
r-devel-linux-x86_64-debian-gcc 0.1 19.42 21.17 40.59 NOTE
r-devel-linux-x86_64-fedora-clang 0.1 86.93 NOTE
r-devel-linux-x86_64-fedora-gcc 0.1 70.61 NOTE
r-devel-windows-x86_64 0.1 37.00 41.00 78.00 NOTE
r-devel-windows-x86_64-gcc10-UCRT 0.1 NOTE
r-patched-linux-x86_64 0.1 25.01 26.07 51.08 NOTE
r-patched-solaris-x86 0.1 78.30 NOTE
r-release-linux-x86_64 0.1 24.34 25.91 50.25 NOTE
r-release-macos-arm64 0.1 NOTE
r-release-macos-x86_64 0.1 NOTE
r-release-windows-ix86+x86_64 0.1 71.00 48.00 119.00 NOTE
r-oldrel-macos-x86_64 0.1 OK
r-oldrel-windows-ix86+x86_64 0.1 53.00 0.00 53.00 OK

Check Details

Version: 0.1
Check: LazyData
Result: NOTE
     'LazyData' is specified without a 'data' directory
Flavors: r-devel-linux-x86_64-debian-clang, r-devel-linux-x86_64-debian-gcc, r-devel-linux-x86_64-fedora-clang, r-devel-linux-x86_64-fedora-gcc, r-devel-windows-x86_64, r-devel-windows-x86_64-gcc10-UCRT, r-patched-linux-x86_64, r-patched-solaris-x86, r-release-linux-x86_64, r-release-macos-arm64, r-release-macos-x86_64, r-release-windows-ix86+x86_64