CRAN Package Check Results for Package mniw

Last updated on 2021-06-19 06:48:15 CEST.

Flavor Version Tinstall Tcheck Ttotal Status Flags
r-devel-linux-x86_64-debian-clang 1.0 157.43 90.60 248.03 OK
r-devel-linux-x86_64-debian-gcc 1.0 117.46 69.23 186.69 OK
r-devel-linux-x86_64-fedora-clang 1.0 355.81 NOTE
r-devel-linux-x86_64-fedora-gcc 1.0 322.98 OK
r-devel-windows-x86_64 1.0 182.00 99.00 281.00 OK
r-devel-windows-x86_64-gcc10-UCRT 1.0 OK
r-patched-linux-x86_64 1.0 130.08 90.76 220.84 OK
r-patched-solaris-x86 1.0 279.30 OK
r-release-linux-x86_64 1.0 138.24 88.36 226.60 OK
r-release-macos-arm64 1.0 NOTE
r-release-macos-x86_64 1.0 NOTE
r-release-windows-ix86+x86_64 1.0 349.00 199.00 548.00 OK
r-oldrel-macos-x86_64 1.0 NOTE
r-oldrel-windows-ix86+x86_64 1.0 264.00 207.00 471.00 OK

Check Details

Version: 1.0
Check: installed package size
Result: NOTE
     installed size is 16.9Mb
     sub-directories of 1Mb or more:
     libs 16.6Mb
Flavors: r-devel-linux-x86_64-fedora-clang, r-release-macos-arm64, r-release-macos-x86_64, r-oldrel-macos-x86_64