CRAN Package Check Results for Package mnlfa

Last updated on 2021-06-17 06:48:15 CEST.

Flavor Version Tinstall Tcheck Ttotal Status Flags
r-devel-linux-x86_64-debian-clang 0.1-53 24.68 35.48 60.16 NOTE
r-devel-linux-x86_64-debian-gcc 0.1-53 16.47 27.59 44.06 NOTE
r-devel-linux-x86_64-fedora-clang 0.1-53 89.55 NOTE
r-devel-linux-x86_64-fedora-gcc 0.1-53 73.31 NOTE
r-devel-windows-x86_64 0.1-53 37.00 51.00 88.00 OK
r-devel-windows-x86_64-gcc10-UCRT 0.1-53 NOTE
r-patched-linux-x86_64 0.1-53 19.94 34.31 54.25 NOTE
r-patched-solaris-x86 0.1-53 93.00 NOTE
r-release-linux-x86_64 0.1-53 19.32 35.23 54.55 NOTE
r-release-macos-arm64 0.1-53 NOTE
r-release-macos-x86_64 0.1-53 NOTE
r-release-windows-ix86+x86_64 0.1-53 65.00 63.00 128.00 OK
r-oldrel-macos-x86_64 0.1-53 OK
r-oldrel-windows-ix86+x86_64 0.1-53 44.00 78.00 122.00 OK

Check Details

Version: 0.1-53
Check: package dependencies
Result: NOTE
    Package which this enhances but not available for checking: 'aMNLFA'
Flavors: r-devel-linux-x86_64-debian-clang, r-devel-linux-x86_64-debian-gcc, r-devel-linux-x86_64-fedora-clang, r-devel-linux-x86_64-fedora-gcc, r-devel-windows-x86_64-gcc10-UCRT, r-patched-linux-x86_64, r-patched-solaris-x86, r-release-linux-x86_64, r-release-macos-arm64, r-release-macos-x86_64