Last updated on 2021-01-17 06:46:56 CET.
Flavor | Version | Tinstall | Tcheck | Ttotal | Status | Flags |
---|---|---|---|---|---|---|
r-devel-linux-x86_64-debian-clang | 2.1.1 | 3.85 | 390.32 | 394.17 | OK | |
r-devel-linux-x86_64-debian-gcc | 2.1.1 | 3.74 | 313.24 | 316.98 | OK | |
r-devel-linux-x86_64-fedora-clang | 2.1.1 | 440.41 | OK | |||
r-devel-linux-x86_64-fedora-gcc | 2.1.1 | 454.31 | OK | |||
r-devel-windows-ix86+x86_64 | 2.1.1 | 8.00 | 234.00 | 242.00 | OK | |
r-patched-linux-x86_64 | 2.1.1 | 4.28 | 379.66 | 383.94 | OK | |
r-patched-solaris-x86 | 2.1.1 | 669.00 | NOTE | |||
r-release-linux-x86_64 | 2.1.1 | 3.84 | 382.66 | 386.50 | OK | |
r-release-macos-x86_64 | 2.1.1 | OK | ||||
r-release-windows-ix86+x86_64 | 2.1.1 | 9.00 | 229.00 | 238.00 | OK | |
r-oldrel-macos-x86_64 | 2.1.1 | OK | ||||
r-oldrel-windows-ix86+x86_64 | 2.1.1 | 8.00 | 361.00 | 369.00 | OK |
Version: 2.1.1
Check: package dependencies
Result: NOTE
Package suggested but not available for checking: ‘xgboost’
Flavor: r-patched-solaris-x86