CRAN Package Check Results for Package modelc

Last updated on 2022-01-22 06:48:58 CET.

Flavor Version Tinstall Tcheck Ttotal Status Flags
r-devel-linux-x86_64-debian-clang 1.0.0.0 1.68 30.62 32.30 NOTE
r-devel-linux-x86_64-debian-gcc 1.0.0.0 1.60 24.04 25.64 NOTE
r-devel-linux-x86_64-fedora-clang 1.0.0.0 40.27 NOTE
r-devel-linux-x86_64-fedora-gcc 1.0.0.0 29.73 NOTE
r-devel-windows-x86_64-new-UL 1.0.0.0 23.00 49.00 72.00 NOTE
r-devel-windows-x86_64-new-TK 1.0.0.0 NOTE
r-patched-linux-x86_64 1.0.0.0 1.81 29.10 30.91 NOTE
r-release-linux-x86_64 1.0.0.0 1.83 29.69 31.52 NOTE
r-release-macos-arm64 1.0.0.0 NOTE
r-release-macos-x86_64 1.0.0.0 NOTE
r-release-windows-ix86+x86_64 1.0.0.0 5.00 38.00 43.00 NOTE
r-oldrel-macos-x86_64 1.0.0.0 OK
r-oldrel-windows-ix86+x86_64 1.0.0.0 5.00 37.00 42.00 OK

Check Details

Version: 1.0.0.0
Check: LazyData
Result: NOTE
     'LazyData' is specified without a 'data' directory
Flavors: r-devel-linux-x86_64-debian-clang, r-devel-linux-x86_64-debian-gcc, r-devel-linux-x86_64-fedora-clang, r-devel-linux-x86_64-fedora-gcc, r-devel-windows-x86_64-new-UL, r-devel-windows-x86_64-new-TK, r-patched-linux-x86_64, r-release-linux-x86_64, r-release-macos-arm64, r-release-macos-x86_64, r-release-windows-ix86+x86_64