CRAN Package Check Results for Package modelr

Last updated on 2021-01-23 06:48:20 CET.

Flavor Version Tinstall Tcheck Ttotal Status Flags
r-devel-linux-x86_64-debian-clang 0.1.8 5.14 61.24 66.38 OK
r-devel-linux-x86_64-debian-gcc 0.1.8 4.01 45.45 49.46 OK
r-devel-linux-x86_64-fedora-clang 0.1.8 86.01 NOTE
r-devel-linux-x86_64-fedora-gcc 0.1.8 77.98 OK
r-devel-windows-ix86+x86_64 0.1.8 11.00 65.00 76.00 OK
r-patched-linux-x86_64 0.1.8 4.42 57.79 62.21 OK
r-patched-solaris-x86 0.1.8 106.60 OK
r-release-linux-x86_64 0.1.8 4.63 60.64 65.27 OK
r-release-macos-x86_64 0.1.8 OK
r-release-windows-ix86+x86_64 0.1.8 11.00 85.00 96.00 OK
r-oldrel-macos-x86_64 0.1.8 OK
r-oldrel-windows-ix86+x86_64 0.1.8 7.00 58.00 65.00 OK

Check Details

Version: 0.1.8
Check: Rd cross-references
Result: NOTE
    Undeclared packages ‘lme4’, ‘rstanarm’, ‘dplyr’ in Rd xrefs
Flavor: r-devel-linux-x86_64-fedora-clang