CRAN Package Check Results for Package moderndive

Last updated on 2023-03-23 06:52:27 CET.

Flavor Version Tinstall Tcheck Ttotal Status Flags
r-devel-linux-x86_64-debian-clang 0.5.5 11.47 114.38 125.85 OK
r-devel-linux-x86_64-debian-gcc 0.5.5 9.33 86.34 95.67 OK
r-devel-linux-x86_64-fedora-clang 0.5.5 156.24 NOTE
r-devel-linux-x86_64-fedora-gcc 0.5.5 158.22 NOTE
r-patched-linux-x86_64 0.5.5 9.15 109.14 118.29 OK
r-release-linux-x86_64 0.5.5 9.00 111.62 120.62 OK
r-release-macos-arm64 0.5.5 45.00 NOTE
r-release-macos-x86_64 0.5.5 65.00 NOTE
r-release-windows-x86_64 0.5.5 27.00 545.00 572.00 OK
r-oldrel-macos-arm64 0.5.5 47.00 NOTE
r-oldrel-macos-x86_64 0.5.5 71.00 NOTE
r-oldrel-windows-ix86+x86_64 0.5.5 24.00 159.00 183.00 OK

Check Details

Version: 0.5.5
Check: data for non-ASCII characters
Result: NOTE
     Note: found 5238 marked UTF-8 strings
Flavors: r-devel-linux-x86_64-fedora-clang, r-devel-linux-x86_64-fedora-gcc, r-release-macos-arm64, r-release-macos-x86_64, r-oldrel-macos-arm64, r-oldrel-macos-x86_64