CRAN Package Check Results for Package modmarg

Last updated on 2022-01-23 07:14:06 CET.

Flavor Version Tinstall Tcheck Ttotal Status Flags
r-devel-linux-x86_64-debian-clang 0.9.6 2.13 54.48 56.61 OK
r-devel-linux-x86_64-debian-gcc 0.9.6 1.66 45.45 47.11 OK
r-devel-linux-x86_64-fedora-clang 0.9.6 69.43 OK
r-devel-linux-x86_64-fedora-gcc 0.9.6 56.63 OK
r-devel-windows-x86_64-new-UL 0.9.6 28.00 86.00 114.00 OK
r-devel-windows-x86_64-new-TK 0.9.6 ERROR
r-patched-linux-x86_64 0.9.6 2.26 52.91 55.17 OK
r-release-linux-x86_64 0.9.6 1.79 52.27 54.06 OK
r-release-macos-arm64 0.9.6 OK
r-release-macos-x86_64 0.9.6 OK
r-release-windows-ix86+x86_64 0.9.6 6.00 70.00 76.00 OK
r-oldrel-macos-x86_64 0.9.6 OK
r-oldrel-windows-ix86+x86_64 0.9.6 6.00 68.00 74.00 OK

Check Details

Version: 0.9.6
Check: package dependencies
Result: NOTE
    Package suggested but not available for checking: 'AER'
Flavor: r-devel-windows-x86_64-new-TK

Version: 0.9.6
Check: Rd cross-references
Result: NOTE
    Package unavailable to check Rd xrefs: 'AER'
Flavor: r-devel-windows-x86_64-new-TK

Version: 0.9.6
Check: examples
Result: ERROR
    Running examples in 'modmarg-Ex.R' failed
    The error most likely occurred in:
    
    > ### Name: marg.ivreg
    > ### Title: Predicted Margins for 'ivreg' objects from the 'AER' package
    > ### Aliases: marg.ivreg
    >
    > ### ** Examples
    >
    > # From ?AER::ivreg
    >
    > # data
    > data("CigarettesSW", package = "AER")
    Error in find.package(package, lib.loc, verbose = verbose) :
     there is no package called 'AER'
    Calls: data -> find.package
    Execution halted
Flavor: r-devel-windows-x86_64-new-TK

Version: 0.9.6
Check: tests
Result: ERROR
     Running 'testthat.R'
    Running the tests in 'tests/testthat.R' failed.
    Complete output:
     > library(testthat)
     > library(modmarg)
     >
     > test_check("modmarg")
     [ FAIL 8 | WARN 26 | SKIP 0 | PASS 195 ]
    
     ══ Failed tests ════════════════════════════════════════════════════════════════
     ── Error (test_ivreg.R:31:3): 2sls coefficients and standard errors are correct ──
     <packageNotFoundError/error/condition>
     Error in `loadNamespace(x)`: there is no package called 'AER'
     Backtrace:
     █
     1. └─base::loadNamespace(x) test_ivreg.R:31:2
     2. └─base::withRestarts(stop(cond), retry_loadNamespace = function() NULL)
     3. └─base:::withOneRestart(expr, restarts[[1L]])
     4. └─base:::doWithOneRestart(return(expr), restart)
     ── Error (test_ivreg.R:70:3): 2SLS margins are correct ─────────────────────────
     <packageNotFoundError/error/condition>
     Error in `loadNamespace(x)`: there is no package called 'AER'
     Backtrace:
     █
     1. └─base::loadNamespace(x) test_ivreg.R:70:2
     2. └─base::withRestarts(stop(cond), retry_loadNamespace = function() NULL)
     3. └─base:::withOneRestart(expr, restarts[[1L]])
     4. └─base:::doWithOneRestart(return(expr), restart)
     ── Error (test_ivreg.R:133:3): 2SLS margins handle weights ─────────────────────
     <packageNotFoundError/error/condition>
     Error in `loadNamespace(x)`: there is no package called 'AER'
     Backtrace:
     █
     1. └─base::loadNamespace(x) test_ivreg.R:133:2
     2. └─base::withRestarts(stop(cond), retry_loadNamespace = function() NULL)
     3. └─base:::withOneRestart(expr, restarts[[1L]])
     4. └─base:::doWithOneRestart(return(expr), restart)
     ── Error (test_ivreg.R:199:3): 2SLS margins warn if weights are absent ─────────
     <packageNotFoundError/error/condition>
     Error in `loadNamespace(x)`: there is no package called 'AER'
     Backtrace:
     █
     1. └─base::loadNamespace(x) test_ivreg.R:199:2
     2. └─base::withRestarts(stop(cond), retry_loadNamespace = function() NULL)
     3. └─base:::withOneRestart(expr, restarts[[1L]])
     4. └─base:::doWithOneRestart(return(expr), restart)
     ── Error (test_ivreg.R:221:3): 2SLS margins handle missing covariates ──────────
     <packageNotFoundError/error/condition>
     Error in `loadNamespace(x)`: there is no package called 'AER'
     Backtrace:
     █
     1. └─base::loadNamespace(x) test_ivreg.R:221:2
     2. └─base::withRestarts(stop(cond), retry_loadNamespace = function() NULL)
     3. └─base:::withOneRestart(expr, restarts[[1L]])
     4. └─base:::doWithOneRestart(return(expr), restart)
     ── Error (test_ivreg.R:279:3): 2SLS margins handle missing weights ─────────────
     <packageNotFoundError/error/condition>
     Error in `loadNamespace(x)`: there is no package called 'AER'
     Backtrace:
     █
     1. └─base::loadNamespace(x) test_ivreg.R:279:2
     2. └─base::withRestarts(stop(cond), retry_loadNamespace = function() NULL)
     3. └─base:::withOneRestart(expr, restarts[[1L]])
     4. └─base:::doWithOneRestart(return(expr), restart)
     ── Error (test_ivreg.R:347:3): 2SLS margins handle missing weights and covariates ──
     <packageNotFoundError/error/condition>
     Error in `loadNamespace(x)`: there is no package called 'AER'
     Backtrace:
     █
     1. └─base::loadNamespace(x) test_ivreg.R:347:2
     2. └─base::withRestarts(stop(cond), retry_loadNamespace = function() NULL)
     3. └─base:::withOneRestart(expr, restarts[[1L]])
     4. └─base:::doWithOneRestart(return(expr), restart)
     ── Error (test_ivreg.R:416:3): P values are calculated correctly ───────────────
     <packageNotFoundError/error/condition>
     Error in `loadNamespace(x)`: there is no package called 'AER'
     Backtrace:
     █
     1. └─base::loadNamespace(x) test_ivreg.R:416:2
     2. └─base::withRestarts(stop(cond), retry_loadNamespace = function() NULL)
     3. └─base:::withOneRestart(expr, restarts[[1L]])
     4. └─base:::doWithOneRestart(return(expr), restart)
    
     [ FAIL 8 | WARN 26 | SKIP 0 | PASS 195 ]
     Error: Test failures
     Execution halted
Flavor: r-devel-windows-x86_64-new-TK