CRAN Package Check Results for Package modnets

Last updated on 2022-01-26 06:50:21 CET.

Flavor Version Tinstall Tcheck Ttotal Status Flags
r-devel-linux-x86_64-debian-clang 0.9.0 33.53 241.20 274.73 OK
r-devel-linux-x86_64-debian-gcc 0.9.0 28.05 177.51 205.56 OK
r-devel-linux-x86_64-fedora-clang 0.9.0 346.73 OK
r-devel-linux-x86_64-fedora-gcc 0.9.0 328.77 OK
r-devel-windows-x86_64-new-UL 0.9.0 77.00 265.00 342.00 OK
r-devel-windows-x86_64-new-TK 0.9.0 ERROR
r-patched-linux-x86_64 0.9.0 32.74 221.91 254.65 OK
r-release-linux-x86_64 0.9.0 25.63 220.62 246.25 OK
r-release-macos-arm64 0.9.0 OK
r-release-macos-x86_64 0.9.0 OK
r-release-windows-ix86+x86_64 0.9.0 61.00 250.00 311.00 OK
r-oldrel-macos-x86_64 0.9.0 OK
r-oldrel-windows-ix86+x86_64 0.9.0 60.00 253.00 313.00 OK

Check Details

Version: 0.9.0
Check: package dependencies
Result: ERROR
    Packages required but not available: 'lme4', 'lmerTest', 'systemfit'
    
    Package suggested but not available for checking: 'arm'
    
    See section 'The DESCRIPTION file' in the 'Writing R Extensions'
    manual.
Flavor: r-devel-windows-x86_64-new-TK