CRAN Package Check Results for Package mombf

Last updated on 2020-09-22 06:47:33 CEST.

Flavor Version Tinstall Tcheck Ttotal Status Flags
r-devel-linux-x86_64-debian-clang 2.2.9 159.02 229.61 388.63 OK
r-devel-linux-x86_64-debian-gcc 2.2.9 0.38 2.35 2.73 ERROR
r-devel-linux-x86_64-fedora-clang 2.2.9 534.79 NOTE
r-devel-linux-x86_64-fedora-gcc 2.2.9 494.55 OK
r-devel-windows-ix86+x86_64 2.2.9 379.00 291.00 670.00 OK
r-patched-linux-x86_64 2.2.9 131.55 224.40 355.95 OK
r-patched-solaris-x86 2.2.9 465.70 OK
r-release-linux-x86_64 2.2.9 131.63 224.91 356.54 OK
r-release-macos-x86_64 2.2.9 NOTE
r-release-windows-ix86+x86_64 2.2.9 368.00 266.00 634.00 OK
r-oldrel-macos-x86_64 2.2.9 NOTE
r-oldrel-windows-ix86+x86_64 2.2.9 250.00 246.00 496.00 OK

Check Details

Version: 2.2.9
Check: whether package can be installed
Result: ERROR
    Installation failed.
Flavor: r-devel-linux-x86_64-debian-gcc

Version: 2.2.9
Check: installed package size
Result: NOTE
     installed size is 6.1Mb
     sub-directories of 1Mb or more:
     libs 4.7Mb
Flavors: r-devel-linux-x86_64-fedora-clang, r-release-macos-x86_64, r-oldrel-macos-x86_64