CRAN Package Check Results for Package moments

Last updated on 2021-02-25 06:47:07 CET.

Flavor Version Tinstall Tcheck Ttotal Status Flags
r-devel-linux-x86_64-debian-clang 0.14 2.33 22.87 25.20 NOTE
r-devel-linux-x86_64-debian-gcc 0.14 1.81 18.41 20.22 NOTE
r-devel-linux-x86_64-fedora-clang 0.14 41.18 NOTE
r-devel-linux-x86_64-fedora-gcc 0.14 31.22 NOTE
r-devel-windows-ix86+x86_64 0.14 5.00 33.00 38.00 NOTE
r-patched-linux-x86_64 0.14 2.14 22.85 24.99 NOTE
r-patched-solaris-x86 0.14 45.00 NOTE
r-release-linux-x86_64 0.14 2.09 22.81 24.90 NOTE
r-release-macos-x86_64 0.14 NOTE
r-release-windows-ix86+x86_64 0.14 4.00 23.00 27.00 NOTE
r-oldrel-macos-x86_64 0.14 NOTE
r-oldrel-windows-ix86+x86_64 0.14 5.00 39.00 44.00 NOTE

Check Details

Version: 0.14
Check: R code for possible problems
Result: NOTE
    agostino.test: no visible global function definition for
     'complete.cases'
    agostino.test: no visible global function definition for 'pnorm'
    anscombe.test: no visible global function definition for
     'complete.cases'
    anscombe.test: no visible global function definition for 'pnorm'
    bonett.test: no visible global function definition for 'complete.cases'
    bonett.test: no visible global function definition for 'pnorm'
    jarque.test: no visible global function definition for 'pchisq'
    Undefined global functions or variables:
     complete.cases pchisq pnorm
    Consider adding
     importFrom("stats", "complete.cases", "pchisq", "pnorm")
    to your NAMESPACE file.
Flavors: r-devel-linux-x86_64-debian-clang, r-devel-linux-x86_64-debian-gcc, r-devel-linux-x86_64-fedora-clang, r-devel-linux-x86_64-fedora-gcc, r-devel-windows-ix86+x86_64, r-patched-linux-x86_64, r-patched-solaris-x86, r-release-linux-x86_64, r-release-macos-x86_64, r-release-windows-ix86+x86_64, r-oldrel-macos-x86_64, r-oldrel-windows-ix86+x86_64