CRAN Package Check Results for Package mp

Last updated on 2021-06-21 06:49:14 CEST.

Flavor Version Tinstall Tcheck Ttotal Status Flags
r-devel-linux-x86_64-debian-clang 0.4.1 63.43 28.10 91.53 OK
r-devel-linux-x86_64-debian-gcc 0.4.1 44.34 22.26 66.60 OK
r-devel-linux-x86_64-fedora-clang 0.4.1 136.82 NOTE
r-devel-linux-x86_64-fedora-gcc 0.4.1 117.80 NOTE
r-devel-windows-x86_64 0.4.1 75.00 45.00 120.00 OK
r-devel-windows-x86_64-gcc10-UCRT 0.4.1 OK
r-patched-linux-x86_64 0.4.1 50.44 27.84 78.28 OK
r-patched-solaris-x86 0.4.1 114.90 OK
r-release-linux-x86_64 0.4.1 46.32 27.69 74.01 OK
r-release-macos-arm64 0.4.1 OK
r-release-macos-x86_64 0.4.1 OK
r-release-windows-ix86+x86_64 0.4.1 148.00 56.00 204.00 OK
r-oldrel-macos-x86_64 0.4.1 OK
r-oldrel-windows-ix86+x86_64 0.4.1 102.00 0.00 102.00 OK

Check Details

Version: 0.4.1
Check: Rd cross-references
Result: NOTE
    Undeclared package ‘proxy’ in Rd xrefs
Flavor: r-devel-linux-x86_64-fedora-clang

Version: 0.4.1
Check: compiled code
Result: NOTE
    File ‘mp/libs/mp.so’:
     Found no calls to: ‘R_registerRoutines’, ‘R_useDynamicSymbols’
    
    It is good practice to register native routines and to disable symbol
    search.
    
    See ‘Writing portable packages’ in the ‘Writing R Extensions’ manual.
Flavors: r-devel-linux-x86_64-fedora-clang, r-devel-linux-x86_64-fedora-gcc