CRAN Package Check Results for Package mplot

Last updated on 2020-10-01 06:47:12 CEST.

Flavor Version Tinstall Tcheck Ttotal Status Flags
r-devel-linux-x86_64-debian-clang 1.0.4 7.46 71.05 78.51 OK
r-devel-linux-x86_64-debian-gcc 1.0.4 0.31 2.00 2.31 ERROR
r-devel-linux-x86_64-fedora-clang 1.0.4 102.72 OK
r-devel-linux-x86_64-fedora-gcc 1.0.4 93.68 OK
r-devel-windows-ix86+x86_64 1.0.4 17.00 91.00 108.00 OK
r-patched-linux-x86_64 1.0.4 6.31 67.06 73.37 OK
r-patched-solaris-x86 1.0.4 135.10 OK
r-release-linux-x86_64 1.0.4 6.88 67.52 74.40 OK
r-release-macos-x86_64 1.0.4 OK
r-release-windows-ix86+x86_64 1.0.4 17.00 106.00 123.00 OK
r-oldrel-macos-x86_64 1.0.4 OK
r-oldrel-windows-ix86+x86_64 1.0.4 14.00 92.00 106.00 OK

Check Details

Version: 1.0.4
Check: whether package can be installed
Result: ERROR
    Installation failed.
Flavor: r-devel-linux-x86_64-debian-gcc