Last updated on 2023-03-21 15:52:23 CET.
Flavor | Version | Tinstall | Tcheck | Ttotal | Status | Flags |
---|---|---|---|---|---|---|
r-devel-linux-x86_64-debian-clang | 0.2.1 | 8.02 | 110.58 | 118.60 | OK | |
r-devel-linux-x86_64-debian-gcc | 0.2.1 | 6.02 | 82.08 | 88.10 | OK | |
r-devel-linux-x86_64-fedora-clang | 0.2.1 | 149.01 | NOTE | |||
r-devel-linux-x86_64-fedora-gcc | 0.2.1 | 146.19 | OK | |||
r-patched-linux-x86_64 | 0.2.1 | 13.79 | 106.34 | 120.13 | OK | |
r-release-linux-x86_64 | 0.2.1 | 7.39 | 105.41 | 112.80 | OK | |
r-release-macos-arm64 | 0.2.1 | 48.00 | OK | |||
r-release-macos-x86_64 | 0.2.1 | 91.00 | OK | |||
r-release-windows-x86_64 | 0.2.1 | 75.00 | 161.00 | 236.00 | OK | |
r-oldrel-macos-arm64 | 0.2.1 | 46.00 | OK | |||
r-oldrel-macos-x86_64 | 0.2.1 | 63.00 | OK | |||
r-oldrel-windows-ix86+x86_64 | 0.2.1 | 17.00 | 148.00 | 165.00 | OK |
Version: 0.2.1
Check: Rd cross-references
Result: NOTE
Undeclared package ‘processx’ in Rd xrefs
Flavor: r-devel-linux-x86_64-fedora-clang