CRAN Package Check Results for Package mrgsolve

Last updated on 2021-01-20 06:46:54 CET.

Flavor Version Tinstall Tcheck Ttotal Status Flags
r-devel-linux-x86_64-debian-clang 0.10.7 143.46 125.10 268.56 OK
r-devel-linux-x86_64-debian-gcc 0.10.7 95.89 92.49 188.38 OK
r-devel-linux-x86_64-fedora-clang 0.10.7 356.45 NOTE
r-devel-linux-x86_64-fedora-gcc 0.10.7 325.76 OK
r-devel-windows-ix86+x86_64 0.10.7 303.00 195.00 498.00 OK
r-patched-linux-x86_64 0.10.7 115.06 115.56 230.62 OK
r-patched-solaris-x86 0.10.7 324.70 OK
r-release-linux-x86_64 0.10.7 115.07 116.44 231.51 OK
r-release-macos-x86_64 0.10.7 NOTE
r-release-windows-ix86+x86_64 0.10.7 318.00 189.00 507.00 OK
r-oldrel-macos-x86_64 0.10.7 NOTE
r-oldrel-windows-ix86+x86_64 0.10.7 247.00 160.00 407.00 OK

Check Details

Version: 0.10.7
Check: installed package size
Result: NOTE
     installed size is 7.3Mb
     sub-directories of 1Mb or more:
     libs 5.6Mb
Flavors: r-devel-linux-x86_64-fedora-clang, r-release-macos-x86_64, r-oldrel-macos-x86_64