Last updated on 2023-02-02 06:54:59 CET.
Flavor | Version | Tinstall | Tcheck | Ttotal | Status | Flags |
---|---|---|---|---|---|---|
r-devel-linux-x86_64-debian-clang | 1.0.6 | 137.37 | 160.81 | 298.18 | NOTE | |
r-devel-linux-x86_64-debian-gcc | 1.0.6 | 112.68 | 118.62 | 231.30 | NOTE | |
r-devel-linux-x86_64-fedora-clang | 1.0.6 | 444.54 | NOTE | |||
r-devel-linux-x86_64-fedora-gcc | 1.0.6 | 400.87 | NOTE | |||
r-devel-windows-x86_64 | 1.0.6 | 267.00 | 257.00 | 524.00 | NOTE | |
r-patched-linux-x86_64 | 1.0.6 | 132.56 | 145.04 | 277.60 | OK | |
r-release-linux-x86_64 | 1.0.6 | 128.94 | 144.16 | 273.10 | OK | |
r-release-macos-arm64 | 1.0.6 | 93.00 | NOTE | |||
r-release-macos-x86_64 | 1.0.6 | 120.00 | NOTE | |||
r-release-windows-x86_64 | 1.0.6 | 227.00 | 236.00 | 463.00 | OK | |
r-oldrel-macos-arm64 | 1.0.6 | 83.00 | NOTE | |||
r-oldrel-macos-x86_64 | 1.0.6 | 122.00 | NOTE | |||
r-oldrel-windows-ix86+x86_64 | 1.0.6 | 401.00 | 279.00 | 680.00 | OK |
Version: 1.0.6
Check: C++ specification
Result: NOTE
Specified C++11: please update to current default of C++17
Flavors: r-devel-linux-x86_64-debian-clang, r-devel-linux-x86_64-debian-gcc, r-devel-linux-x86_64-fedora-clang, r-devel-linux-x86_64-fedora-gcc, r-devel-windows-x86_64
Version: 1.0.6
Check: installed package size
Result: NOTE
installed size is 6.9Mb
sub-directories of 1Mb or more:
libs 5.1Mb
Flavors: r-release-macos-arm64, r-release-macos-x86_64, r-oldrel-macos-arm64, r-oldrel-macos-x86_64