CRAN Package Check Results for Package mro

Last updated on 2022-10-04 07:49:53 CEST.

Flavor Version Tinstall Tcheck Ttotal Status Flags
r-devel-linux-x86_64-debian-clang 0.1.1 1.75 21.63 23.38 NOTE
r-devel-linux-x86_64-debian-gcc 0.1.1 1.61 17.14 18.75 NOTE
r-devel-linux-x86_64-fedora-clang 0.1.1 41.61 NOTE
r-devel-linux-x86_64-fedora-gcc 0.1.1 39.60 NOTE
r-devel-windows-x86_64 0.1.1 8.00 47.00 55.00 NOTE
r-patched-linux-x86_64 0.1.1 1.76 21.03 22.79 NOTE
r-release-linux-x86_64 0.1.1 2.03 20.89 22.92 NOTE
r-release-macos-arm64 0.1.1 15.00 NOTE
r-release-macos-x86_64 0.1.1 19.00 NOTE
r-release-windows-x86_64 0.1.1 7.00 45.00 52.00 NOTE
r-oldrel-macos-arm64 0.1.1 17.00 NOTE
r-oldrel-macos-x86_64 0.1.1 27.00 NOTE
r-oldrel-windows-ix86+x86_64 0.1.1 5.00 44.00 49.00 NOTE

Check Details

Version: 0.1.1
Check: LazyData
Result: NOTE
     'LazyData' is specified without a 'data' directory
Flavors: r-devel-linux-x86_64-debian-clang, r-devel-linux-x86_64-debian-gcc, r-devel-linux-x86_64-fedora-clang, r-devel-linux-x86_64-fedora-gcc, r-devel-windows-x86_64, r-patched-linux-x86_64, r-release-linux-x86_64, r-release-macos-arm64, r-release-macos-x86_64, r-release-windows-x86_64, r-oldrel-macos-arm64, r-oldrel-macos-x86_64, r-oldrel-windows-ix86+x86_64