CRAN Package Check Results for Package msce

Last updated on 2025-01-19 06:48:28 CET.

Flavor Version Tinstall Tcheck Ttotal Status Flags
r-devel-linux-x86_64-debian-clang 1.0.1 16.68 31.43 48.11 NOTE
r-devel-linux-x86_64-debian-gcc 1.0.1 12.83 25.61 38.44 NOTE
r-devel-linux-x86_64-fedora-clang 1.0.1 97.31 NOTE
r-devel-linux-x86_64-fedora-gcc 1.0.1 109.69 NOTE
r-devel-windows-x86_64 1.0.1 24.00 72.00 96.00 NOTE
r-patched-linux-x86_64 1.0.1 18.48 30.29 48.77 NOTE
r-release-linux-x86_64 1.0.1 16.93 30.30 47.23 NOTE
r-release-macos-arm64 1.0.1 32.00 NOTE
r-release-macos-x86_64 1.0.1 58.00 NOTE
r-release-windows-x86_64 1.0.1 24.00 76.00 100.00 NOTE
r-oldrel-macos-arm64 1.0.1 36.00 NOTE
r-oldrel-macos-x86_64 1.0.1 64.00 NOTE
r-oldrel-windows-x86_64 1.0.1 27.00 79.00 106.00 NOTE

Check Details

Version: 1.0.1
Check: C++ specification
Result: NOTE Specified C++11: please drop specification unless essential Flavors: r-devel-linux-x86_64-debian-clang, r-devel-linux-x86_64-debian-gcc, r-devel-linux-x86_64-fedora-clang, r-devel-linux-x86_64-fedora-gcc, r-devel-windows-x86_64, r-patched-linux-x86_64, r-release-linux-x86_64, r-release-macos-arm64, r-release-macos-x86_64, r-release-windows-x86_64, r-oldrel-macos-arm64, r-oldrel-macos-x86_64, r-oldrel-windows-x86_64