CRAN Package Check Results for Package mscstts

Last updated on 2022-01-27 06:48:40 CET.

Flavor Version Tinstall Tcheck Ttotal Status Flags
r-devel-linux-x86_64-debian-clang 0.6.2 2.51 38.11 40.62 OK
r-devel-linux-x86_64-debian-gcc 0.6.2 2.03 30.16 32.19 OK
r-devel-linux-x86_64-fedora-clang 0.6.2 50.79 NOTE
r-devel-linux-x86_64-fedora-gcc 0.6.2 39.05 NOTE
r-devel-windows-x86_64-new-UL 0.6.2 28.00 69.00 97.00 OK
r-devel-windows-x86_64-new-TK 0.6.2 NOTE
r-patched-linux-x86_64 0.6.2 5.34 36.03 41.37 OK
r-release-linux-x86_64 0.6.2 2.34 36.85 39.19 OK
r-release-macos-arm64 0.6.2 NOTE
r-release-macos-x86_64 0.6.2 NOTE
r-release-windows-ix86+x86_64 0.6.2 10.00 47.00 57.00 OK
r-oldrel-macos-x86_64 0.6.2 NOTE
r-oldrel-windows-ix86+x86_64 0.6.2 10.00 49.00 59.00 OK

Check Details

Version: 0.6.2
Check: data for non-ASCII characters
Result: NOTE
     Note: found 26 marked UTF-8 strings
Flavors: r-devel-linux-x86_64-fedora-clang, r-devel-linux-x86_64-fedora-gcc, r-devel-windows-x86_64-new-TK, r-release-macos-arm64, r-release-macos-x86_64, r-oldrel-macos-x86_64