Last updated on 2022-06-26 06:50:42 CEST.
Flavor | Version | Tinstall | Tcheck | Ttotal | Status | Flags |
---|---|---|---|---|---|---|
r-devel-linux-x86_64-debian-clang | 0.5.3 | 2.98 | 55.47 | 58.45 | NOTE | |
r-devel-linux-x86_64-debian-gcc | 0.5.3 | 2.98 | 41.62 | 44.60 | NOTE | |
r-devel-linux-x86_64-fedora-clang | 0.5.3 | 81.30 | NOTE | |||
r-devel-linux-x86_64-fedora-gcc | 0.5.3 | 81.13 | NOTE | |||
r-devel-windows-x86_64 | 0.5.3 | 31.00 | 92.00 | 123.00 | NOTE | |
r-patched-linux-x86_64 | 0.5.3 | 4.24 | 52.55 | 56.79 | OK | |
r-release-linux-x86_64 | 0.5.3 | 3.04 | 52.68 | 55.72 | OK | |
r-release-macos-arm64 | 0.5.3 | 26.00 | OK | |||
r-release-macos-x86_64 | 0.5.3 | 38.00 | OK | |||
r-release-windows-x86_64 | 0.5.3 | 28.00 | 90.00 | 118.00 | OK | |
r-oldrel-macos-arm64 | 0.5.3 | 32.00 | OK | |||
r-oldrel-macos-x86_64 | 0.5.3 | 51.00 | OK | |||
r-oldrel-windows-ix86+x86_64 | 0.5.3 | 8.00 | 79.00 | 87.00 | OK |
Version: 0.5.3
Check: Rd files
Result: NOTE
checkRd: (-1) ml_g.Rd:47: Escaped LaTeX specials: \&
Flavors: r-devel-linux-x86_64-debian-clang, r-devel-linux-x86_64-debian-gcc, r-devel-linux-x86_64-fedora-clang, r-devel-linux-x86_64-fedora-gcc, r-devel-windows-x86_64