CRAN Package Check Results for Package mssm

Last updated on 2021-06-17 06:48:15 CEST.

Flavor Version Tinstall Tcheck Ttotal Status Flags
r-devel-linux-x86_64-debian-clang 0.1.4 404.97 59.69 464.66 NOTE
r-devel-linux-x86_64-debian-gcc 0.1.4 274.72 45.27 319.99 NOTE
r-devel-linux-x86_64-fedora-clang 0.1.4 644.38 NOTE
r-devel-linux-x86_64-fedora-gcc 0.1.4 613.00 NOTE
r-devel-windows-x86_64 0.1.4 469.00 120.00 589.00 NOTE
r-devel-windows-x86_64-gcc10-UCRT 0.1.4 NOTE
r-patched-linux-x86_64 0.1.4 327.50 58.02 385.52 NOTE
r-patched-solaris-x86 0.1.4 466.30 NOTE
r-release-linux-x86_64 0.1.4 302.37 58.49 360.86 NOTE
r-release-macos-arm64 0.1.4 NOTE
r-release-macos-x86_64 0.1.4 NOTE
r-release-windows-ix86+x86_64 0.1.4 915.00 192.00 1107.00 NOTE
r-oldrel-macos-x86_64 0.1.4 NOTE
r-oldrel-windows-ix86+x86_64 0.1.4 677.00 191.00 868.00 NOTE

Check Details

Version: 0.1.4
Check: LazyData
Result: NOTE
     'LazyData' is specified without a 'data' directory
Flavors: r-devel-linux-x86_64-debian-clang, r-devel-linux-x86_64-debian-gcc, r-devel-linux-x86_64-fedora-clang, r-devel-linux-x86_64-fedora-gcc, r-devel-windows-x86_64, r-devel-windows-x86_64-gcc10-UCRT, r-patched-linux-x86_64, r-patched-solaris-x86, r-release-linux-x86_64, r-release-macos-arm64, r-release-macos-x86_64, r-release-windows-ix86+x86_64

Version: 0.1.4
Check: installed package size
Result: NOTE
     installed size is 16.2Mb
     sub-directories of 1Mb or more:
     help 1.0Mb
     libs 15.1Mb
Flavors: r-devel-linux-x86_64-fedora-clang, r-release-macos-arm64, r-release-macos-x86_64, r-release-windows-ix86+x86_64, r-oldrel-macos-x86_64, r-oldrel-windows-ix86+x86_64