CRAN Package Check Results for Package mtsdi

Last updated on 2024-05-24 07:00:39 CEST.

Flavor Version Tinstall Tcheck Ttotal Status Flags
r-devel-linux-x86_64-debian-clang 0.3.5 3.62 33.77 37.39 NOTE
r-devel-linux-x86_64-debian-gcc 0.3.5 2.59 25.60 28.19 NOTE
r-devel-linux-x86_64-fedora-clang 0.3.5 47.63 NOTE
r-devel-linux-x86_64-fedora-gcc 0.3.5 42.95 NOTE
r-devel-windows-x86_64 0.3.5 4.00 47.00 51.00 NOTE
r-patched-linux-x86_64 0.3.5 3.58 31.95 35.53 NOTE
r-release-linux-x86_64 0.3.5 2.95 33.06 36.01 NOTE
r-release-macos-arm64 0.3.5 18.00 NOTE
r-release-windows-x86_64 0.3.5 4.00 794.00 798.00 NOTE
r-oldrel-macos-arm64 0.3.5 30.00 NOTE
r-oldrel-macos-x86_64 0.3.5 24.00 NOTE
r-oldrel-windows-x86_64 0.3.5 4.00 50.00 54.00 NOTE

Check Details

Version: 0.3.5
Check: Rd files
Result: NOTE checkRd: (-1) mkjnw.Rd:3: Escaped LaTeX specials: \& checkRd: (-1) mkjnw.Rd:6: Escaped LaTeX specials: \& Flavors: r-devel-linux-x86_64-debian-clang, r-devel-linux-x86_64-debian-gcc, r-devel-linux-x86_64-fedora-clang, r-devel-linux-x86_64-fedora-gcc, r-devel-windows-x86_64, r-patched-linux-x86_64, r-release-linux-x86_64, r-release-macos-arm64, r-release-windows-x86_64, r-oldrel-macos-arm64, r-oldrel-macos-x86_64, r-oldrel-windows-x86_64