CRAN Package Check Results for Package multgee

Last updated on 2022-08-15 06:49:12 CEST.

Flavor Version Tinstall Tcheck Ttotal Status Flags
r-devel-linux-x86_64-debian-clang 1.8.0 35.27 129.69 164.96 OK
r-devel-linux-x86_64-debian-gcc 1.8.0 27.02 95.54 122.56 OK
r-devel-linux-x86_64-fedora-clang 1.8.0 229.72 OK
r-devel-linux-x86_64-fedora-gcc 1.8.0 211.84 OK
r-devel-windows-x86_64 1.8.0 42.00 168.00 210.00 OK
r-patched-linux-x86_64 1.8.0 36.96 121.85 158.81 OK
r-release-linux-x86_64 1.8.0 31.86 121.43 153.29 OK
r-release-macos-arm64 1.8.0 54.00 WARN
r-release-macos-x86_64 1.8.0 87.00 WARN
r-release-windows-x86_64 1.8.0 123.00 164.00 287.00 OK
r-oldrel-macos-arm64 1.8.0 68.00 OK
r-oldrel-macos-x86_64 1.8.0 107.00 OK
r-oldrel-windows-ix86+x86_64 1.8.0 90.00 194.00 284.00 OK

Check Details

Version: 1.8.0
Check: re-building of vignette outputs
Result: WARN
    Error(s) in re-building vignettes:
     ...
    --- re-building ‘multgee_vignette.Rmd’ using rmarkdown
    ! LaTeX Error: File `orcidlink.sty' not found.
    
    ! Emergency stop.
    <read *>
    
    Error: processing vignette 'multgee_vignette.Rmd' failed with diagnostics:
    LaTeX failed to compile /Volumes/Builds/packages/big-sur-arm64/results/4.2/multgee.Rcheck/vign_test/multgee/vignettes/multgee_vignette.tex. See https://yihui.org/tinytex/r/#debugging for debugging tips. See multgee_vignette.log for more info.
    --- failed re-building ‘multgee_vignette.Rmd’
    
    SUMMARY: processing the following file failed:
     ‘multgee_vignette.Rmd’
    
    Error: Vignette re-building failed.
    Execution halted
Flavor: r-release-macos-arm64

Version: 1.8.0
Check: re-building of vignette outputs
Result: WARN
    Error(s) in re-building vignettes:
     ...
    --- re-building ‘multgee_vignette.Rmd’ using rmarkdown
    ! LaTeX Error: File `orcidlink.sty' not found.
    
    ! Emergency stop.
    <read *>
    
    Error: processing vignette 'multgee_vignette.Rmd' failed with diagnostics:
    LaTeX failed to compile /Volumes/Builds/packages/high-sierra-x86_64/results/4.2/multgee.Rcheck/vign_test/multgee/vignettes/multgee_vignette.tex. See https://yihui.org/tinytex/r/#debugging for debugging tips. See multgee_vignette.log for more info.
    --- failed re-building ‘multgee_vignette.Rmd’
    
    SUMMARY: processing the following file failed:
     ‘multgee_vignette.Rmd’
    
    Error: Vignette re-building failed.
    Execution halted
Flavor: r-release-macos-x86_64