Last updated on 2022-07-06 06:52:55 CEST.
Flavor | Version | Tinstall | Tcheck | Ttotal | Status | Flags |
---|---|---|---|---|---|---|
r-devel-linux-x86_64-debian-clang | 0.8.2 | 53.71 | 259.21 | 312.92 | OK | |
r-devel-linux-x86_64-debian-gcc | 0.8.2 | 41.83 | 198.98 | 240.81 | OK | |
r-devel-linux-x86_64-fedora-clang | 0.8.2 | 391.58 | WARN | |||
r-devel-linux-x86_64-fedora-gcc | 0.8.2 | 384.02 | WARN | |||
r-devel-windows-x86_64 | 0.8.2 | 108.00 | 318.00 | 426.00 | OK | |
r-patched-linux-x86_64 | 0.8.2 | 54.00 | 257.11 | 311.11 | OK | |
r-release-linux-x86_64 | 0.8.2 | 46.86 | 252.31 | 299.17 | OK | |
r-release-macos-arm64 | 0.8.2 | 110.00 | NOTE | |||
r-release-macos-x86_64 | 0.8.2 | 153.00 | NOTE | |||
r-release-windows-x86_64 | 0.8.2 | 115.00 | 320.00 | 435.00 | OK | |
r-oldrel-macos-arm64 | 0.8.2 | 127.00 | NOTE | |||
r-oldrel-macos-x86_64 | 0.8.2 | 163.00 | NOTE | |||
r-oldrel-windows-ix86+x86_64 | 0.8.2 | 120.00 | 421.00 | 541.00 | OK |
Version: 0.8.2
Check: package dependencies
Result: WARN
Requires (indirectly) orphaned package: ‘gtools’
Flavors: r-devel-linux-x86_64-fedora-clang, r-devel-linux-x86_64-fedora-gcc
Version: 0.8.2
Check: installed package size
Result: NOTE
installed size is 6.2Mb
sub-directories of 1Mb or more:
doc 1.5Mb
libs 3.5Mb
Flavors: r-devel-linux-x86_64-fedora-clang, r-release-macos-arm64, r-release-macos-x86_64, r-oldrel-macos-arm64, r-oldrel-macos-x86_64