CRAN Package Check Results for Package multifear

Last updated on 2021-11-29 06:48:35 CET.

Flavor Version Tinstall Tcheck Ttotal Status Flags
r-devel-linux-x86_64-debian-clang 0.1.2 OK
r-devel-linux-x86_64-debian-gcc 0.1.2 5.41 117.51 122.92 OK
r-devel-linux-x86_64-fedora-clang 0.1.2 207.99 NOTE
r-devel-linux-x86_64-fedora-gcc 0.1.2 191.31 NOTE
r-devel-windows-x86_64-new-UL 0.1.2 16.00 212.00 228.00 OK
r-devel-windows-x86_64-new-TK 0.1.2 NOTE
r-devel-windows-x86_64-old 0.1.2 10.00 197.00 207.00 OK
r-patched-linux-x86_64 0.1.2 6.93 151.38 158.31 OK
r-patched-solaris-x86 0.1.2 274.20 NOTE
r-release-linux-x86_64 0.1.2 6.57 148.00 154.57 OK
r-release-macos-arm64 0.1.2 NOTE
r-release-macos-x86_64 0.1.2 NOTE
r-release-windows-ix86+x86_64 0.1.2 17.00 145.00 162.00 OK
r-oldrel-macos-x86_64 0.1.2 NOTE
r-oldrel-windows-ix86+x86_64 0.1.2 22.00 193.00 215.00 OK

Check Details

Version: 0.1.2
Check: dependencies in R code
Result: NOTE
    Namespace in Imports field not imported from: ‘ez’
     All declared Imports should be used.
Flavors: r-devel-linux-x86_64-fedora-clang, r-devel-linux-x86_64-fedora-gcc, r-devel-windows-x86_64-new-TK, r-patched-solaris-x86, r-release-macos-arm64, r-release-macos-x86_64, r-oldrel-macos-x86_64