CRAN Package Check Results for Package multilevelTools

Last updated on 2022-01-17 06:53:22 CET.

Flavor Version Tinstall Tcheck Ttotal Status Flags
r-devel-linux-x86_64-debian-clang 0.1.1 21.25 265.48 286.73 NOTE
r-devel-linux-x86_64-debian-gcc 0.1.1 18.84 197.30 216.14 NOTE
r-devel-linux-x86_64-fedora-clang 0.1.1 340.00 NOTE
r-devel-linux-x86_64-fedora-gcc 0.1.1 328.88 NOTE
r-devel-windows-x86_64-new-UL 0.1.1 59.00 283.00 342.00 NOTE
r-devel-windows-x86_64-new-TK 0.1.1 ERROR
r-patched-linux-x86_64 0.1.1 24.79 247.88 272.67 NOTE
r-release-linux-x86_64 0.1.1 NOTE
r-release-macos-arm64 0.1.1 NOTE
r-release-macos-x86_64 0.1.1 NOTE
r-release-windows-ix86+x86_64 0.1.1 51.00 326.00 377.00 NOTE
r-oldrel-macos-x86_64 0.1.1 OK
r-oldrel-windows-ix86+x86_64 0.1.1 53.00 293.00 346.00 OK

Check Details

Version: 0.1.1
Check: LazyData
Result: NOTE
     'LazyData' is specified without a 'data' directory
Flavors: r-devel-linux-x86_64-debian-clang, r-devel-linux-x86_64-debian-gcc, r-devel-linux-x86_64-fedora-clang, r-devel-linux-x86_64-fedora-gcc, r-devel-windows-x86_64-new-UL, r-patched-linux-x86_64, r-release-linux-x86_64, r-release-macos-arm64, r-release-macos-x86_64, r-release-windows-ix86+x86_64

Version: 0.1.1
Check: package dependencies
Result: ERROR
    Packages required but not available: 'lme4', 'lmerTest', 'JWileymisc'
    
    See section 'The DESCRIPTION file' in the 'Writing R Extensions'
    manual.
Flavor: r-devel-windows-x86_64-new-TK