Last updated on 2023-06-01 06:58:39 CEST.
Flavor | Version | Tinstall | Tcheck | Ttotal | Status | Flags |
---|---|---|---|---|---|---|
r-devel-linux-x86_64-debian-clang | 0.2.5 | 77.33 | 263.05 | 340.38 | NOTE | |
r-devel-linux-x86_64-debian-gcc | 0.2.5 | 67.06 | 176.09 | 243.15 | NOTE | |
r-devel-linux-x86_64-fedora-clang | 0.2.5 | 438.68 | NOTE | |||
r-devel-linux-x86_64-fedora-gcc | 0.2.5 | 437.50 | NOTE | |||
r-devel-windows-x86_64 | 0.2.5 | 63.00 | 249.00 | 312.00 | NOTE | |
r-patched-linux-x86_64 | 0.2.5 | NOTE | ||||
r-release-linux-x86_64 | 0.2.5 | 69.62 | 245.18 | 314.80 | NOTE | |
r-release-macos-arm64 | 0.2.5 | 119.00 | NOTE | |||
r-release-macos-x86_64 | 0.2.5 | 144.00 | ERROR | |||
r-release-windows-x86_64 | 0.2.5 | 80.00 | 285.00 | 365.00 | NOTE | |
r-oldrel-macos-arm64 | 0.2.5 | 118.00 | NOTE | |||
r-oldrel-macos-x86_64 | 0.2.5 | 138.00 | NOTE | |||
r-oldrel-windows-x86_64 | 0.2.5 | 76.00 | 271.00 | 347.00 | OK |
Version: 0.2.5
Check: C++ specification
Result: NOTE
Specified C++11: please drop specification unless essential
Flavors: r-devel-linux-x86_64-debian-clang, r-devel-linux-x86_64-debian-gcc, r-devel-linux-x86_64-fedora-clang, r-devel-linux-x86_64-fedora-gcc, r-devel-windows-x86_64, r-patched-linux-x86_64, r-release-linux-x86_64, r-release-macos-arm64, r-release-macos-x86_64, r-release-windows-x86_64
Version: 0.2.5
Check: installed package size
Result: NOTE
installed size is 6.3Mb
sub-directories of 1Mb or more:
libs 4.9Mb
Flavors: r-release-macos-arm64, r-release-macos-x86_64, r-oldrel-macos-arm64, r-oldrel-macos-x86_64
Version: 0.2.5
Check: tests
Result: ERROR
Running ‘testthat.R’ [28s/43s]
Running the tests in ‘tests/testthat.R’ failed.
Complete output:
> library(testthat)
> library(multinomineq)
> test_check("multinomineq")
Execution halted
Flavor: r-release-macos-x86_64