Last updated on 2021-01-16 06:51:16 CET.
Flavor | Version | Tinstall | Tcheck | Ttotal | Status | Flags |
---|---|---|---|---|---|---|
r-devel-linux-x86_64-debian-clang | 1.1.0 | 14.33 | 192.04 | 206.37 | OK | |
r-devel-linux-x86_64-debian-gcc | 1.1.0 | 11.70 | 146.79 | 158.49 | OK | |
r-devel-linux-x86_64-fedora-clang | 1.1.0 | 257.79 | NOTE | |||
r-devel-linux-x86_64-fedora-gcc | 1.1.0 | 253.28 | OK | |||
r-devel-windows-ix86+x86_64 | 1.1.0 | 19.00 | 279.00 | 298.00 | OK | |
r-patched-linux-x86_64 | 1.1.0 | 12.68 | 184.07 | 196.75 | OK | |
r-patched-solaris-x86 | 1.1.0 | 326.00 | OK | |||
r-release-linux-x86_64 | 1.1.0 | 12.50 | 184.02 | 196.52 | OK | |
r-release-macos-x86_64 | 1.1.0 | OK | ||||
r-release-windows-ix86+x86_64 | 1.1.0 | 24.00 | 269.00 | 293.00 | OK | |
r-oldrel-macos-x86_64 | 1.1.0 | NOTE | ||||
r-oldrel-windows-ix86+x86_64 | 1.1.0 | 25.00 | 329.00 | 354.00 | OK |
Version: 1.1.0
Check: Rd cross-references
Result: NOTE
Undeclared package ‘VGAM’ in Rd xrefs
Flavor: r-devel-linux-x86_64-fedora-clang
Version: 1.1.0
Check: re-building of vignette outputs
Result: NOTE
Error(s) in re-building vignettes:
--- re-building ‘vignette_mvord2.Rmd’ using rmarkdown
Warning in engine$weave(file, quiet = quiet, encoding = enc) :
Pandoc (>= 1.12.3) and/or pandoc-citeproc not available. Falling back to R Markdown v1.
Loading required package: minqa
Loading required package: BB
Loading required package: ucminf
Loading required package: dfoptim
--- finished re-building ‘vignette_mvord2.Rmd’
--- re-building ‘vignette_mvord.Rnw’ using Sweave
Loading required package: minqa
Loading required package: BB
Loading required package: ucminf
Loading required package: dfoptim
Error: processing vignette 'vignette_mvord.Rnw' failed with diagnostics:
Running 'texi2dvi' on 'vignette_mvord.tex' failed.
LaTeX errors:
!pdfTeX error: pdflatex (file bbm10): Font bbm10 at 657 not found
==> Fatal error occurred, no output PDF file produced!
--- failed re-building 'vignette_mvord.Rnw'
SUMMARY: processing the following file failed:
‘vignette_mvord.Rnw’
Error: Vignette re-building failed.
Execution halted
Flavor: r-oldrel-macos-x86_64