CRAN Package Check Results for Package mvord

Last updated on 2022-07-01 06:51:34 CEST.

Flavor Version Tinstall Tcheck Ttotal Status Flags
r-devel-linux-x86_64-debian-clang 1.1.1 13.63 204.40 218.03 OK
r-devel-linux-x86_64-debian-gcc 1.1.1 11.30 155.01 166.31 OK
r-devel-linux-x86_64-fedora-clang 1.1.1 271.61 NOTE
r-devel-linux-x86_64-fedora-gcc 1.1.1 275.11 OK
r-devel-windows-x86_64 1.1.1 40.00 256.00 296.00 OK
r-patched-linux-x86_64 1.1.1 13.00 199.83 212.83 OK
r-release-linux-x86_64 1.1.1 11.63 198.82 210.45 OK
r-release-macos-arm64 1.1.1 83.00 OK
r-release-macos-x86_64 1.1.1 104.00 OK
r-release-windows-x86_64 1.1.1 43.00 252.00 295.00 OK
r-oldrel-macos-arm64 1.1.1 101.00 OK
r-oldrel-macos-x86_64 1.1.1 157.00 OK
r-oldrel-windows-ix86+x86_64 1.1.1 33.00 355.00 388.00 OK

Check Details

Version: 1.1.1
Check: Rd cross-references
Result: NOTE
    Undeclared package ‘VGAM’ in Rd xrefs
Flavor: r-devel-linux-x86_64-fedora-clang