CRAN Package Check Results for Package n1qn1

Last updated on 2021-06-17 06:48:15 CEST.

Flavor Version Tinstall Tcheck Ttotal Status Flags
r-devel-linux-x86_64-debian-clang 6.0.1-10 19.55 27.27 46.82 NOTE
r-devel-linux-x86_64-debian-gcc 6.0.1-10 13.56 21.53 35.09 NOTE
r-devel-linux-x86_64-fedora-clang 6.0.1-10 71.61 NOTE
r-devel-linux-x86_64-fedora-gcc 6.0.1-10 58.35 NOTE
r-devel-windows-x86_64 6.0.1-10 29.00 45.00 74.00 NOTE
r-devel-windows-x86_64-gcc10-UCRT 6.0.1-10 NOTE
r-patched-linux-x86_64 6.0.1-10 16.41 26.67 43.08 NOTE
r-patched-solaris-x86 6.0.1-10 70.80 NOTE
r-release-linux-x86_64 6.0.1-10 16.83 26.46 43.29 NOTE
r-release-macos-arm64 6.0.1-10 NOTE
r-release-macos-x86_64 6.0.1-10 NOTE
r-release-windows-ix86+x86_64 6.0.1-10 53.00 67.00 120.00 NOTE
r-oldrel-macos-x86_64 6.0.1-10 OK
r-oldrel-windows-ix86+x86_64 6.0.1-10 38.00 71.00 109.00 OK

Check Details

Version: 6.0.1-10
Check: LazyData
Result: NOTE
     'LazyData' is specified without a 'data' directory
Flavors: r-devel-linux-x86_64-debian-clang, r-devel-linux-x86_64-debian-gcc, r-devel-linux-x86_64-fedora-clang, r-devel-linux-x86_64-fedora-gcc, r-devel-windows-x86_64, r-devel-windows-x86_64-gcc10-UCRT, r-patched-linux-x86_64, r-patched-solaris-x86, r-release-linux-x86_64, r-release-macos-arm64, r-release-macos-x86_64, r-release-windows-ix86+x86_64